Last updated on 2023-12-02 16:49:30 CET.
Flavor | Version | Tinstall | Tcheck | Ttotal | Status | Flags |
---|---|---|---|---|---|---|
r-devel-linux-x86_64-debian-clang | 1.1.2 | 99.40 | 67.00 | 166.40 | OK | |
r-devel-linux-x86_64-debian-gcc | 1.1.2 | 64.86 | 50.77 | 115.63 | OK | |
r-devel-linux-x86_64-fedora-clang | 1.1.2 | 235.21 | OK | |||
r-devel-linux-x86_64-fedora-gcc | 1.1.2 | 243.50 | OK | |||
r-devel-windows-x86_64 | 1.1.2 | 70.00 | 105.00 | 175.00 | OK | |
r-patched-linux-x86_64 | 1.1.2 | 85.21 | 67.06 | 152.27 | OK | |
r-release-linux-x86_64 | 1.1.2 | 87.78 | 66.42 | 154.20 | OK | |
r-release-macos-arm64 | 1.1.2 | 50.00 | NOTE | |||
r-release-macos-x86_64 | 1.1.2 | 103.00 | NOTE | |||
r-release-windows-x86_64 | 1.1.2 | 95.00 | 118.00 | 213.00 | OK | |
r-oldrel-macos-arm64 | 1.1.2 | 58.00 | NOTE | |||
r-oldrel-macos-x86_64 | 1.1.2 | 11.00 | ERROR | |||
r-oldrel-windows-x86_64 | 1.1.2 | 88.00 | 96.00 | 184.00 | OK |
Version: 1.1.2
Check: installed package size
Result: NOTE
installed size is 5.7Mb
sub-directories of 1Mb or more:
libs 5.0Mb
Flavors: r-release-macos-arm64, r-release-macos-x86_64, r-oldrel-macos-arm64
Version: 1.1.2
Check: package dependencies
Result: ERROR
Package required and available but unsuitable version: ‘mnorm’
See section ‘The DESCRIPTION file’ in the ‘Writing R Extensions’
manual.
Flavor: r-oldrel-macos-x86_64