CRAN Package Check Results for Package swmmr

Last updated on 2021-10-18 12:58:31 CEST.

Flavor Version Tinstall Tcheck Ttotal Status Flags
r-devel-linux-x86_64-debian-clang 0.9.1 21.26 50.19 71.45 NOTE
r-devel-linux-x86_64-debian-gcc 0.9.1 16.38 38.40 54.78 NOTE
r-devel-linux-x86_64-fedora-clang 0.9.1 105.85 NOTE
r-devel-linux-x86_64-fedora-gcc 0.9.1 89.16 NOTE
r-devel-windows-x86_64 0.9.1 32.00 72.00 104.00 NOTE
r-devel-windows-x86_64-gcc10-UCRT 0.9.1 NOTE
r-patched-linux-x86_64 0.9.1 20.97 49.07 70.04 NOTE
r-patched-solaris-x86 0.9.1 119.90 NOTE
r-release-linux-x86_64 0.9.1 17.14 49.14 66.28 NOTE
r-release-macos-arm64 0.9.1 NOTE
r-release-macos-x86_64 0.9.1 NOTE
r-release-windows-ix86+x86_64 0.9.1 50.00 102.00 152.00 NOTE
r-oldrel-macos-x86_64 0.9.1 OK
r-oldrel-windows-ix86+x86_64 0.9.1 54.00 98.00 152.00 OK

Check Details

Version: 0.9.1
Check: LazyData
Result: NOTE
     'LazyData' is specified without a 'data' directory
Flavors: r-devel-linux-x86_64-debian-clang, r-devel-linux-x86_64-debian-gcc, r-devel-linux-x86_64-fedora-clang, r-devel-linux-x86_64-fedora-gcc, r-devel-windows-x86_64, r-devel-windows-x86_64-gcc10-UCRT, r-patched-linux-x86_64, r-patched-solaris-x86, r-release-linux-x86_64, r-release-macos-arm64, r-release-macos-x86_64, r-release-windows-ix86+x86_64