CRAN Package Check Results for Package sylly

Last updated on 2023-05-22 17:01:35 CEST.

Flavor Version Tinstall Tcheck Ttotal Status Flags
r-devel-linux-x86_64-debian-clang 0.1-6 5.35 39.52 44.87 NOTE
r-devel-linux-x86_64-debian-gcc 0.1-6 4.15 30.19 34.34 NOTE
r-devel-linux-x86_64-fedora-clang 0.1-6 59.62 NOTE
r-devel-linux-x86_64-fedora-gcc 0.1-6 66.49 NOTE
r-devel-windows-x86_64 0.1-6 6.00 55.00 61.00 NOTE
r-patched-linux-x86_64 0.1-6 5.12 37.98 43.10 NOTE
r-release-linux-x86_64 0.1-6 4.08 38.12 42.20 NOTE
r-release-macos-arm64 0.1-6 31.00 NOTE
r-release-macos-x86_64 0.1-6 44.00 NOTE
r-release-windows-x86_64 0.1-6 5.00 57.00 62.00 NOTE
r-oldrel-macos-arm64 0.1-6 24.00 NOTE
r-oldrel-macos-x86_64 0.1-6 31.00 NOTE
r-oldrel-windows-x86_64 0.1-6 9.00 57.00 66.00 NOTE

Check Details

Version: 0.1-6
Check: package dependencies
Result: NOTE
    Packages suggested but not available for checking: 'sylly.de', 'sylly.es'
Flavors: r-devel-linux-x86_64-debian-clang, r-devel-linux-x86_64-debian-gcc, r-devel-linux-x86_64-fedora-clang, r-devel-linux-x86_64-fedora-gcc, r-devel-windows-x86_64, r-patched-linux-x86_64, r-release-linux-x86_64, r-release-macos-arm64, r-release-macos-x86_64, r-release-windows-x86_64, r-oldrel-macos-arm64, r-oldrel-macos-x86_64, r-oldrel-windows-x86_64