CRAN Package Check Results for Package sylly

Last updated on 2021-10-23 16:49:49 CEST.

Flavor Version Tinstall Tcheck Ttotal Status Flags
r-devel-linux-x86_64-debian-clang 0.1-6 4.25 35.84 40.09 NOTE
r-devel-linux-x86_64-debian-gcc 0.1-6 3.84 28.41 32.25 NOTE
r-devel-linux-x86_64-fedora-clang 0.1-6 62.39 NOTE
r-devel-linux-x86_64-fedora-gcc 0.1-6 49.53 NOTE
r-devel-windows-x86_64 0.1-6 10.00 44.00 54.00 NOTE
r-devel-windows-x86_64-gcc10-UCRT 0.1-6 NOTE
r-patched-linux-x86_64 0.1-6 5.50 34.91 40.41 NOTE
r-patched-solaris-x86 0.1-6 76.50 NOTE
r-release-linux-x86_64 0.1-6 4.12 34.49 38.61 NOTE
r-release-macos-arm64 0.1-6 NOTE
r-release-macos-x86_64 0.1-6 NOTE
r-release-windows-ix86+x86_64 0.1-6 10.00 55.00 65.00 NOTE
r-oldrel-macos-x86_64 0.1-6 NOTE
r-oldrel-windows-ix86+x86_64 0.1-6 12.00 55.00 67.00 NOTE

Check Details

Version: 0.1-6
Check: package dependencies
Result: NOTE
    Packages suggested but not available for checking: 'sylly.de', 'sylly.es'
Flavors: r-devel-linux-x86_64-debian-clang, r-devel-linux-x86_64-debian-gcc, r-devel-linux-x86_64-fedora-clang, r-devel-linux-x86_64-fedora-gcc, r-devel-windows-x86_64, r-devel-windows-x86_64-gcc10-UCRT, r-patched-linux-x86_64, r-patched-solaris-x86, r-release-linux-x86_64, r-release-macos-arm64, r-release-macos-x86_64, r-release-windows-ix86+x86_64, r-oldrel-macos-x86_64, r-oldrel-windows-ix86+x86_64