Last updated on 2023-12-04 00:52:58 CET.
Flavor | Version | Tinstall | Tcheck | Ttotal | Status | Flags |
---|---|---|---|---|---|---|
r-devel-linux-x86_64-debian-clang | 3.4.2 | 2.99 | 25.64 | 28.63 | OK | |
r-devel-linux-x86_64-debian-gcc | 3.4.2 | 2.21 | 20.29 | 22.50 | OK | |
r-devel-linux-x86_64-fedora-clang | 3.4.2 | 37.14 | OK | |||
r-devel-linux-x86_64-fedora-gcc | 3.4.2 | 35.11 | OK | |||
r-devel-windows-x86_64 | 3.4.2 | 9.00 | 54.00 | 63.00 | NOTE | |
r-patched-linux-x86_64 | 3.4.2 | 3.09 | 26.43 | 29.52 | OK | |
r-release-linux-x86_64 | 3.4.2 | 3.02 | 25.80 | 28.82 | OK | |
r-release-macos-arm64 | 3.4.2 | 36.00 | OK | |||
r-release-macos-x86_64 | 3.4.2 | 53.00 | OK | |||
r-release-windows-x86_64 | 3.4.2 | 10.00 | 55.00 | 65.00 | NOTE | |
r-oldrel-macos-arm64 | 3.4.2 | 43.00 | OK | |||
r-oldrel-macos-x86_64 | 3.4.2 | 53.00 | OK | |||
r-oldrel-windows-x86_64 | 3.4.2 | 9.00 | 57.00 | 66.00 | NOTE |
Version: 3.4.2
Check: package dependencies
Result: NOTE
Package suggested but not available for checking: 'unix'
Flavors: r-devel-windows-x86_64, r-release-windows-x86_64, r-oldrel-windows-x86_64