Last updated on 2024-03-28 23:55:22 CET.
Flavor | Version | Tinstall | Tcheck | Ttotal | Status | Flags |
---|---|---|---|---|---|---|
r-devel-linux-x86_64-debian-clang | 0.8.9 | 5.10 | 25.92 | 31.02 | OK | |
r-devel-linux-x86_64-debian-gcc | 0.8.9 | 3.60 | 20.03 | 23.63 | OK | |
r-devel-linux-x86_64-fedora-clang | 0.8.9 | 39.48 | OK | |||
r-devel-linux-x86_64-fedora-gcc | 0.8.9 | 38.71 | OK | |||
r-devel-windows-x86_64 | 0.8.9 | 16.00 | 58.00 | 74.00 | OK | |
r-patched-linux-x86_64 | 0.8.9 | 4.93 | 25.58 | 30.51 | OK | |
r-release-linux-x86_64 | 0.8.9 | 4.61 | 24.51 | 29.12 | OK | |
r-release-macos-arm64 | 0.8.9 | 29.00 | NOTE | |||
r-release-macos-x86_64 | 0.8.9 | 63.00 | NOTE | |||
r-release-windows-x86_64 | 0.8.9 | 16.00 | 60.00 | 76.00 | OK | |
r-oldrel-macos-arm64 | 0.8.9 | 28.00 | NOTE | |||
r-oldrel-windows-x86_64 | 0.8.9 | 8.00 | 55.00 | 63.00 | OK |
Version: 0.8.9
Check: installed package size
Result: NOTE
installed size is 19.8Mb
sub-directories of 1Mb or more:
fonts 1.8Mb
libs 17.9Mb
Flavors: r-release-macos-arm64, r-release-macos-x86_64, r-oldrel-macos-arm64