CRAN Package Check Results for Package sysid

Last updated on 2023-05-28 23:14:12 CEST.

Flavor Version Tinstall Tcheck Ttotal Status Flags
r-devel-linux-x86_64-debian-clang 1.0.4 8.98 79.96 88.94 NOTE
r-devel-linux-x86_64-debian-gcc 1.0.4 6.95 59.88 66.83 NOTE
r-devel-linux-x86_64-fedora-clang 1.0.4 114.53 NOTE
r-devel-linux-x86_64-fedora-gcc 1.0.4 103.79 NOTE
r-devel-windows-x86_64 1.0.4 9.00 91.00 100.00 OK
r-patched-linux-x86_64 1.0.4 9.47 75.57 85.04 NOTE
r-release-linux-x86_64 1.0.4 8.05 75.24 83.29 NOTE
r-release-macos-arm64 1.0.4 36.00 OK
r-release-macos-x86_64 1.0.4 52.00 OK
r-release-windows-x86_64 1.0.4 12.00 100.00 112.00 OK
r-oldrel-macos-arm64 1.0.4 36.00 OK
r-oldrel-macos-x86_64 1.0.4 66.00 OK
r-oldrel-windows-x86_64 1.0.4 12.00 94.00 106.00 OK

Check Details

Version: 1.0.4
Check: for non-standard things in the check directory
Result: NOTE
    Found the following files/directories:
     ‘test.csv’
Flavors: r-devel-linux-x86_64-debian-clang, r-devel-linux-x86_64-debian-gcc, r-devel-linux-x86_64-fedora-clang, r-devel-linux-x86_64-fedora-gcc, r-patched-linux-x86_64, r-release-linux-x86_64