CRAN Package Check Results for Package syuzhet

Last updated on 2021-10-18 04:54:37 CEST.

Flavor Version Tinstall Tcheck Ttotal Status Flags
r-devel-linux-x86_64-debian-clang 1.0.6 11.67 286.64 298.31 NOTE
r-devel-linux-x86_64-debian-gcc 1.0.6 10.67 224.73 235.40 NOTE
r-devel-linux-x86_64-fedora-clang 1.0.6 363.12 NOTE
r-devel-linux-x86_64-fedora-gcc 1.0.6 363.02 NOTE
r-devel-windows-x86_64 1.0.6 18.00 338.00 356.00 NOTE
r-devel-windows-x86_64-gcc10-UCRT 1.0.6 NOTE
r-patched-linux-x86_64 1.0.6 12.69 278.04 290.73 NOTE
r-patched-solaris-x86 1.0.6 619.30 NOTE
r-release-linux-x86_64 1.0.6 10.81 283.03 293.84 NOTE
r-release-macos-arm64 1.0.6 NOTE
r-release-macos-x86_64 1.0.6 NOTE
r-release-windows-ix86+x86_64 1.0.6 15.00 349.00 364.00 NOTE
r-oldrel-macos-x86_64 1.0.6 NOTE
r-oldrel-windows-ix86+x86_64 1.0.6 20.00 352.00 372.00 NOTE

Check Details

Version: 1.0.6
Check: LazyData
Result: NOTE
     'LazyData' is specified without a 'data' directory
Flavors: r-devel-linux-x86_64-debian-clang, r-devel-linux-x86_64-debian-gcc, r-devel-linux-x86_64-fedora-clang, r-devel-linux-x86_64-fedora-gcc, r-devel-windows-x86_64, r-devel-windows-x86_64-gcc10-UCRT, r-patched-linux-x86_64, r-patched-solaris-x86, r-release-linux-x86_64, r-release-macos-arm64, r-release-macos-x86_64, r-release-windows-ix86+x86_64

Version: 1.0.6
Check: installed package size
Result: NOTE
     installed size is 5.3Mb
     sub-directories of 1Mb or more:
     R 1.3Mb
     extdata 3.1Mb
Flavors: r-devel-linux-x86_64-fedora-clang, r-devel-windows-x86_64, r-patched-solaris-x86, r-release-macos-arm64, r-release-macos-x86_64, r-release-windows-ix86+x86_64, r-oldrel-macos-x86_64, r-oldrel-windows-ix86+x86_64