Last updated on 2024-04-24 09:22:01 CEST.
Flavor | Version | Tinstall | Tcheck | Ttotal | Status | Flags |
---|---|---|---|---|---|---|
r-devel-linux-x86_64-debian-clang | 5.1.1 | 14.99 | 134.30 | 149.29 | NOTE | |
r-devel-linux-x86_64-debian-gcc | 5.1.1 | 13.68 | 99.21 | 112.89 | NOTE | |
r-devel-linux-x86_64-fedora-clang | 5.1.1 | 188.50 | NOTE | |||
r-devel-linux-x86_64-fedora-gcc | 5.1.1 | 194.04 | NOTE | |||
r-patched-linux-x86_64 | 5.1.1 | 16.51 | 131.15 | 147.66 | NOTE | |
r-release-linux-x86_64 | 5.1.1 | 13.80 | 129.15 | 142.95 | OK | |
r-release-macos-arm64 | 5.1.1 | 60.00 | OK | |||
r-release-windows-x86_64 | 5.1.1 | 21.00 | 139.00 | 160.00 | OK | |
r-oldrel-macos-arm64 | 5.1.1 | 45.00 | OK | |||
r-oldrel-macos-x86_64 | 5.1.1 | 100.00 | OK | |||
r-oldrel-windows-x86_64 | 5.1.1 | 20.00 | 136.00 | 156.00 | OK |
Version: 5.1.1
Check: Rd files
Result: NOTE
checkRd: (-1) tabmulti.Rd:68: Lost braces
68 | \\code{yvarlabels = list(race = "Race/ethnicity", age_yrs = "Age (years)")}.}
| ^
checkRd: (-1) tabmulti.svy.Rd:67: Lost braces
67 | \\code{yvarlabels = list(race = "Race/ethnicity", age_yrs = "Age (years)")}.}
| ^
Flavors: r-devel-linux-x86_64-debian-clang, r-devel-linux-x86_64-debian-gcc, r-devel-linux-x86_64-fedora-clang, r-devel-linux-x86_64-fedora-gcc, r-patched-linux-x86_64