CRAN Package Check Results for Package tabularMLC

Last updated on 2024-06-20 08:55:00 CEST.

Flavor Version Tinstall Tcheck Ttotal Status Flags
r-devel-linux-x86_64-debian-clang 0.0.3 37.75 29.70 67.45 NOTE
r-devel-linux-x86_64-debian-gcc 0.0.3 23.04 22.63 45.67 NOTE
r-devel-linux-x86_64-fedora-clang 0.0.3 91.59 NOTE
r-devel-linux-x86_64-fedora-gcc 0.0.3 90.66 NOTE
r-devel-windows-x86_64 0.0.3 29.00 62.00 91.00 NOTE
r-patched-linux-x86_64 0.0.3 30.47 28.71 59.18 NOTE
r-release-linux-x86_64 0.0.3 26.42 27.71 54.13 NOTE
r-release-macos-arm64 0.0.3 25.00 NOTE
r-release-macos-x86_64 0.0.3 37.00 NOTE
r-release-windows-x86_64 0.0.3 29.00 65.00 94.00 NOTE
r-oldrel-macos-arm64 0.0.3 28.00 NOTE
r-oldrel-macos-x86_64 0.0.3 40.00 NOTE
r-oldrel-windows-x86_64 0.0.3 34.00 73.00 107.00 NOTE

Check Details

Version: 0.0.3
Check: C++ specification
Result: NOTE Specified C++11: please drop specification unless essential Flavors: r-devel-linux-x86_64-debian-clang, r-devel-linux-x86_64-debian-gcc, r-devel-linux-x86_64-fedora-clang, r-devel-linux-x86_64-fedora-gcc, r-devel-windows-x86_64, r-patched-linux-x86_64, r-release-linux-x86_64, r-release-macos-arm64, r-release-macos-x86_64, r-release-windows-x86_64, r-oldrel-macos-arm64, r-oldrel-macos-x86_64, r-oldrel-windows-x86_64