Last updated on 2024-04-19 08:54:57 CEST.
Flavor | Version | Tinstall | Tcheck | Ttotal | Status | Flags |
---|---|---|---|---|---|---|
r-devel-linux-x86_64-debian-clang | 0.1.0 | 84.67 | 34.50 | 119.17 | NOTE | |
r-devel-linux-x86_64-debian-gcc | 0.1.0 | NOTE | ||||
r-devel-linux-x86_64-fedora-clang | 0.1.0 | 178.13 | NOTE | |||
r-devel-linux-x86_64-fedora-gcc | 0.1.0 | 181.02 | NOTE | |||
r-prerel-macos-arm64 | 0.1.0 | 35.00 | NOTE | |||
r-prerel-windows-x86_64 | 0.1.0 | 80.00 | 66.00 | 146.00 | NOTE | |
r-patched-linux-x86_64 | 0.1.0 | 83.75 | 32.40 | 116.15 | NOTE | |
r-release-linux-x86_64 | 0.1.0 | 83.19 | 32.34 | 115.53 | NOTE | |
r-release-macos-arm64 | 0.1.0 | 42.00 | NOTE | |||
r-release-macos-x86_64 | 0.1.0 | 68.00 | NOTE | |||
r-release-windows-x86_64 | 0.1.0 | 98.00 | 74.00 | 172.00 | NOTE | |
r-oldrel-macos-arm64 | 0.1.0 | 39.00 | NOTE | |||
r-oldrel-windows-x86_64 | 0.1.0 | 113.00 | 75.00 | 188.00 | OK |
Version: 0.1.0
Check: C++ specification
Result: NOTE
Specified C++11: please drop specification unless essential
Flavors: r-devel-linux-x86_64-debian-clang, r-devel-linux-x86_64-debian-gcc, r-devel-linux-x86_64-fedora-clang, r-devel-linux-x86_64-fedora-gcc, r-prerel-macos-arm64, r-prerel-windows-x86_64, r-patched-linux-x86_64, r-release-linux-x86_64, r-release-macos-arm64, r-release-macos-x86_64, r-release-windows-x86_64
Version: 0.1.0
Check: installed package size
Result: NOTE
installed size is 5.1Mb
sub-directories of 1Mb or more:
libs 4.9Mb
Flavors: r-prerel-macos-arm64, r-release-macos-arm64, r-oldrel-macos-arm64