Last updated on 2024-04-19 01:04:58 CEST.
Flavor | Version | Tinstall | Tcheck | Ttotal | Status | Flags |
---|---|---|---|---|---|---|
r-devel-linux-x86_64-debian-clang | 0.1.4 | 7.57 | 45.63 | 53.20 | NOTE | |
r-devel-linux-x86_64-debian-gcc | 0.1.4 | 5.81 | 34.98 | 40.79 | NOTE | |
r-devel-linux-x86_64-fedora-clang | 0.1.4 | 72.17 | NOTE | |||
r-devel-linux-x86_64-fedora-gcc | 0.1.4 | 78.78 | NOTE | |||
r-prerel-macos-arm64 | 0.1.4 | 31.00 | NOTE | |||
r-prerel-windows-x86_64 | 0.1.4 | 11.00 | 61.00 | 72.00 | NOTE | |
r-patched-linux-x86_64 | 0.1.4 | 7.31 | 44.16 | 51.47 | NOTE | |
r-release-linux-x86_64 | 0.1.4 | 4.76 | 41.89 | 46.65 | NOTE | |
r-release-macos-arm64 | 0.1.4 | 34.00 | NOTE | |||
r-release-macos-x86_64 | 0.1.4 | 51.00 | NOTE | |||
r-release-windows-x86_64 | 0.1.4 | 10.00 | 66.00 | 76.00 | NOTE | |
r-oldrel-macos-arm64 | 0.1.4 | 34.00 | NOTE | |||
r-oldrel-windows-x86_64 | 0.1.4 | 10.00 | 69.00 | 79.00 | OK |
Version: 0.1.4
Check: C++ specification
Result: NOTE
Specified C++11: please drop specification unless essential
Flavors: r-devel-linux-x86_64-debian-clang, r-devel-linux-x86_64-debian-gcc, r-devel-linux-x86_64-fedora-clang, r-devel-linux-x86_64-fedora-gcc, r-prerel-macos-arm64, r-prerel-windows-x86_64, r-patched-linux-x86_64, r-release-linux-x86_64, r-release-macos-arm64, r-release-macos-x86_64, r-release-windows-x86_64
Version: 0.1.4
Check: data for non-ASCII characters
Result: NOTE
Note: found 301 marked UTF-8 strings
Flavors: r-devel-linux-x86_64-fedora-clang, r-devel-linux-x86_64-fedora-gcc, r-oldrel-macos-arm64