CRAN Package Check Results for Package targeted

Last updated on 2023-10-04 00:58:39 CEST.

Flavor Version Tinstall Tcheck Ttotal Status Flags
r-devel-linux-x86_64-debian-clang 0.3 187.94 160.60 348.54 NOTE
r-devel-linux-x86_64-debian-gcc 0.3 140.02 130.62 270.64 NOTE
r-devel-linux-x86_64-fedora-clang 0.3 507.82 NOTE
r-devel-linux-x86_64-fedora-gcc 0.3 505.36 NOTE
r-devel-windows-x86_64 0.3 142.00 149.00 291.00 NOTE
r-patched-linux-x86_64 0.3 158.98 153.85 312.83 NOTE
r-release-linux-x86_64 0.3 171.93 153.22 325.15 NOTE
r-release-macos-arm64 0.3 113.00 NOTE
r-release-macos-x86_64 0.3 194.00 NOTE
r-release-windows-x86_64 0.3 199.00 179.00 378.00 NOTE
r-oldrel-macos-arm64 0.3 118.00 NOTE
r-oldrel-macos-x86_64 0.3 137.00 NOTE
r-oldrel-windows-x86_64 0.3 184.00 174.00 358.00 OK

Check Details

Version: 0.3
Check: C++ specification
Result: NOTE
     Specified C++11: please drop specification unless essential
Flavors: r-devel-linux-x86_64-debian-clang, r-devel-linux-x86_64-debian-gcc, r-devel-linux-x86_64-fedora-clang, r-devel-linux-x86_64-fedora-gcc, r-devel-windows-x86_64, r-patched-linux-x86_64, r-release-linux-x86_64, r-release-macos-arm64, r-release-macos-x86_64, r-release-windows-x86_64

Version: 0.3
Check: installed package size
Result: NOTE
     installed size is 12.1Mb
     sub-directories of 1Mb or more:
     libs 10.9Mb
Flavors: r-release-macos-arm64, r-release-macos-x86_64, r-oldrel-macos-arm64, r-oldrel-macos-x86_64

Version: 0.3
Check: package dependencies
Result: NOTE
    Package suggested but not available for checking: ‘SuperLearner’
Flavor: r-release-macos-x86_64