CRAN Package Check Results for Package taylor

Last updated on 2022-06-26 12:55:00 CEST.

Flavor Version Tinstall Tcheck Ttotal Status Flags
r-devel-linux-x86_64-debian-clang 1.0.0 7.08 73.37 80.45 OK
r-devel-linux-x86_64-debian-gcc 1.0.0 6.35 54.56 60.91 OK
r-devel-linux-x86_64-fedora-clang 1.0.0 102.88 NOTE
r-devel-linux-x86_64-fedora-gcc 1.0.0 101.82 NOTE
r-devel-windows-x86_64 1.0.0 157.00 100.00 257.00 OK
r-patched-linux-x86_64 1.0.0 7.44 68.37 75.81 OK
r-release-linux-x86_64 1.0.0 7.53 67.07 74.60 OK
r-release-macos-arm64 1.0.0 29.00 NOTE
r-release-macos-x86_64 1.0.0 60.00 NOTE
r-release-windows-x86_64 1.0.0 146.00 95.00 241.00 OK
r-oldrel-macos-arm64 1.0.0 29.00 NOTE
r-oldrel-macos-x86_64 1.0.0 42.00 NOTE
r-oldrel-windows-ix86+x86_64 1.0.0 20.00 90.00 110.00 OK

Check Details

Version: 1.0.0
Check: data for non-ASCII characters
Result: NOTE
     Note: found 50 marked UTF-8 strings
Flavors: r-devel-linux-x86_64-fedora-clang, r-devel-linux-x86_64-fedora-gcc, r-release-macos-arm64, r-release-macos-x86_64, r-oldrel-macos-arm64, r-oldrel-macos-x86_64