CRAN Package Check Results for Package tbart

Last updated on 2022-01-20 12:52:32 CET.

Flavor Version Tinstall Tcheck Ttotal Status Flags
r-devel-linux-x86_64-debian-clang 1.0 OK
r-devel-linux-x86_64-debian-gcc 1.0 14.06 38.76 52.82 OK
r-devel-linux-x86_64-fedora-clang 1.0 94.34 NOTE
r-devel-linux-x86_64-fedora-gcc 1.0 79.38 NOTE
r-devel-windows-x86_64-new-UL 1.0 39.00 93.00 132.00 OK
r-devel-windows-x86_64-new-TK 1.0 OK
r-patched-linux-x86_64 1.0 17.37 48.11 65.48 OK
r-release-linux-x86_64 1.0 17.96 46.58 64.54 OK
r-release-macos-arm64 1.0 OK
r-release-macos-x86_64 1.0 OK
r-release-windows-ix86+x86_64 1.0 56.00 106.00 162.00 OK
r-oldrel-macos-x86_64 1.0 OK
r-oldrel-windows-ix86+x86_64 1.0 56.00 96.00 152.00 OK

Check Details

Version: 1.0
Check: compiled code
Result: NOTE
    File ‘tbart/libs/tbart.so’:
     Found no calls to: ‘R_registerRoutines’, ‘R_useDynamicSymbols’
    
    It is good practice to register native routines and to disable symbol
    search.
    
    See ‘Writing portable packages’ in the ‘Writing R Extensions’ manual.
Flavors: r-devel-linux-x86_64-fedora-clang, r-devel-linux-x86_64-fedora-gcc