Last updated on 2024-04-19 08:54:57 CEST.
Flavor | Version | Tinstall | Tcheck | Ttotal | Status | Flags |
---|---|---|---|---|---|---|
r-devel-linux-x86_64-debian-clang | 0.2.0 | 41.21 | 203.36 | 244.57 | NOTE | |
r-devel-linux-x86_64-debian-gcc | 0.2.0 | NOTE | ||||
r-devel-linux-x86_64-fedora-clang | 0.2.0 | 347.89 | NOTE | |||
r-devel-linux-x86_64-fedora-gcc | 0.2.0 | 398.03 | NOTE | |||
r-prerel-macos-arm64 | 0.2.0 | 80.00 | NOTE | |||
r-prerel-windows-x86_64 | 0.2.0 | 40.00 | 190.00 | 230.00 | NOTE | |
r-patched-linux-x86_64 | 0.2.0 | 47.81 | 288.16 | 335.97 | NOTE | |
r-release-linux-x86_64 | 0.2.0 | 44.63 | 305.45 | 350.08 | NOTE | |
r-release-macos-arm64 | 0.2.0 | 90.00 | NOTE | |||
r-release-macos-x86_64 | 0.2.0 | 139.00 | NOTE | |||
r-release-windows-x86_64 | 0.2.0 | 49.00 | 237.00 | 286.00 | NOTE | |
r-oldrel-macos-arm64 | 0.2.0 | 70.00 | NOTE | |||
r-oldrel-windows-x86_64 | 0.2.0 | 47.00 | 221.00 | 268.00 | OK |
Version: 0.2.0
Check: C++ specification
Result: NOTE
Specified C++11: please drop specification unless essential
Flavors: r-devel-linux-x86_64-debian-clang, r-devel-linux-x86_64-debian-gcc, r-devel-linux-x86_64-fedora-clang, r-devel-linux-x86_64-fedora-gcc, r-prerel-macos-arm64, r-prerel-windows-x86_64, r-patched-linux-x86_64, r-release-linux-x86_64, r-release-macos-arm64, r-release-macos-x86_64, r-release-windows-x86_64
Version: 0.2.0
Check: dependencies in R code
Result: NOTE
Namespaces in Imports field not imported from:
‘gridExtra’ ‘reshape2’ ‘truncnorm’ ‘xtable’
All declared Imports should be used.
Flavors: r-devel-linux-x86_64-fedora-clang, r-devel-linux-x86_64-fedora-gcc, r-oldrel-macos-arm64