Last updated on 2024-07-18 00:55:08 CEST.
Flavor | Version | Tinstall | Tcheck | Ttotal | Status | Flags |
---|---|---|---|---|---|---|
r-devel-linux-x86_64-debian-clang | 0.13 | 5.10 | 50.95 | 56.05 | OK | |
r-devel-linux-x86_64-debian-gcc | 0.13 | 4.43 | 38.63 | 43.06 | OK | |
r-devel-linux-x86_64-fedora-clang | 0.13 | 73.12 | OK | |||
r-devel-linux-x86_64-fedora-gcc | 0.13 | 65.54 | OK | |||
r-devel-windows-x86_64 | 0.13 | 7.00 | 57.00 | 64.00 | NOTE | |
r-patched-linux-x86_64 | 0.13 | 9.18 | 47.66 | 56.84 | OK | |
r-release-linux-x86_64 | 0.13 | 4.86 | 48.54 | 53.40 | OK | |
r-release-macos-arm64 | 0.13 | 25.00 | OK | |||
r-release-macos-x86_64 | 0.13 | 35.00 | OK | |||
r-release-windows-x86_64 | 0.13 | 6.00 | 60.00 | 66.00 | OK | |
r-oldrel-macos-arm64 | 0.13 | 30.00 | OK | |||
r-oldrel-macos-x86_64 | 0.13 | 40.00 | OK | |||
r-oldrel-windows-x86_64 | 0.13 | 8.00 | 63.00 | 71.00 | OK |
Version: 0.13
Check: Rd cross-references
Result: NOTE
Found the following Rd file(s) with Rd \link{} targets missing package
anchors:
targetDiagram.Rd: xyplot, panel.xyplot, simpleTheme, ggplot
Please provide package anchors for all Rd \link{} targets not in the
package itself and the base packages.
Flavor: r-devel-windows-x86_64