Last updated on 2023-06-10 00:54:59 CEST.
Flavor | Version | Tinstall | Tcheck | Ttotal | Status | Flags |
---|---|---|---|---|---|---|
r-devel-linux-x86_64-debian-clang | 0.0.4 | 5.37 | 51.38 | 56.75 | OK | |
r-devel-linux-x86_64-debian-gcc | 0.0.4 | 4.70 | 39.66 | 44.36 | OK | |
r-devel-linux-x86_64-fedora-clang | 0.0.4 | 71.07 | NOTE | |||
r-devel-linux-x86_64-fedora-gcc | 0.0.4 | 67.02 | OK | |||
r-devel-windows-x86_64 | 0.0.4 | 7.00 | 61.00 | 68.00 | OK | |
r-patched-linux-x86_64 | 0.0.4 | 4.85 | 48.00 | 52.85 | OK | |
r-release-linux-x86_64 | 0.0.4 | 3.58 | 47.63 | 51.21 | OK | |
r-release-macos-arm64 | 0.0.4 | 26.00 | OK | |||
r-release-macos-x86_64 | 0.0.4 | 36.00 | OK | |||
r-release-windows-x86_64 | 0.0.4 | 9.00 | 66.00 | 75.00 | OK | |
r-oldrel-macos-arm64 | 0.0.4 | 27.00 | OK | |||
r-oldrel-macos-x86_64 | 0.0.4 | 49.00 | OK | |||
r-oldrel-windows-x86_64 | 0.0.4 | 8.00 | 68.00 | 76.00 | OK |
Version: 0.0.4
Check: Rd cross-references
Result: NOTE
Undeclared package ‘scales’ in Rd xrefs
Flavor: r-devel-linux-x86_64-fedora-clang