Last updated on 2024-03-28 23:55:22 CET.
Flavor | Version | Tinstall | Tcheck | Ttotal | Status | Flags |
---|---|---|---|---|---|---|
r-devel-linux-x86_64-debian-clang | 1.7-71 | 665.94 | 478.26 | 1144.20 | OK | |
r-devel-linux-x86_64-debian-gcc | 1.7-71 | 580.43 | 328.64 | 909.07 | OK | |
r-devel-linux-x86_64-fedora-clang | 1.7-71 | 1580.14 | NOTE | |||
r-devel-linux-x86_64-fedora-gcc | 1.7-71 | 1733.85 | OK | |||
r-devel-windows-x86_64 | 1.7-71 | 463.00 | 4.00 | 467.00 | ERROR | |
r-patched-linux-x86_64 | 1.7-71 | 724.15 | 448.48 | 1172.63 | OK | |
r-release-linux-x86_64 | 1.7-71 | 710.81 | 455.33 | 1166.14 | OK | |
r-release-macos-arm64 | 1.7-71 | 373.00 | NOTE | |||
r-release-macos-x86_64 | 1.7-71 | 718.00 | NOTE | |||
r-release-windows-x86_64 | 1.7-71 | 661.00 | 1137.00 | 1798.00 | NOTE | |
r-oldrel-macos-arm64 | 1.7-71 | 363.00 | NOTE | |||
r-oldrel-windows-x86_64 | 1.7-71 | 682.00 | 975.00 | 1657.00 | NOTE |
Version: 1.7-71
Check: installed package size
Result: NOTE
installed size is 10.0Mb
sub-directories of 1Mb or more:
R 2.3Mb
libs 6.3Mb
Flavors: r-devel-linux-x86_64-fedora-clang, r-release-macos-arm64, r-release-macos-x86_64, r-release-windows-x86_64, r-oldrel-macos-arm64, r-oldrel-windows-x86_64
Version: 1.7-71
Check: whether package can be installed
Result: ERROR
Installation failed.
Flavor: r-devel-windows-x86_64