CRAN Package Check Results for Package tesseract

Last updated on 2021-10-23 12:07:48 CEST.

Flavor Version Tinstall Tcheck Ttotal Status Flags
r-devel-linux-x86_64-debian-clang 4.1.2 20.02 114.35 134.37 OK
r-devel-linux-x86_64-debian-gcc 4.1.2 16.76 145.41 162.17 OK
r-devel-linux-x86_64-fedora-clang 4.1.2 138.62 OK
r-devel-linux-x86_64-fedora-gcc 4.1.2 142.60 OK
r-devel-windows-x86_64 4.1.2 51.00 86.00 137.00 NOTE
r-devel-windows-x86_64-gcc10-UCRT 4.1.2 OK
r-patched-linux-x86_64 4.1.2 20.12 89.96 110.08 OK
r-release-linux-x86_64 4.1.2 19.12 93.37 112.49 OK
r-release-macos-arm64 4.1.2 NOTE
r-release-macos-x86_64 4.1.2 NOTE
r-release-windows-ix86+x86_64 4.1.2 63.00 151.00 214.00 NOTE
r-oldrel-macos-x86_64 4.1.2 NOTE
r-oldrel-windows-ix86+x86_64 4.1.2 77.00 147.00 224.00 NOTE

Additional issues

valgrind

Check Details

Version: 4.1.2
Check: installed package size
Result: NOTE
     installed size is 22.4Mb
     sub-directories of 1Mb or more:
     doc 1.2Mb
     libs 7.0Mb
     tessdata 14.0Mb
Flavors: r-devel-windows-x86_64, r-release-macos-arm64, r-release-macos-x86_64, r-release-windows-ix86+x86_64, r-oldrel-macos-x86_64, r-oldrel-windows-ix86+x86_64