Last updated on 2024-03-27 23:59:59 CET.
Flavor | Version | Tinstall | Tcheck | Ttotal | Status | Flags |
---|---|---|---|---|---|---|
r-devel-linux-x86_64-debian-clang | 0.2.0 | 61.38 | 79.98 | 141.36 | OK | |
r-devel-linux-x86_64-debian-gcc | 0.2.0 | 47.20 | 59.93 | 107.13 | OK | |
r-devel-linux-x86_64-fedora-clang | 0.2.0 | 197.16 | NOTE | |||
r-devel-linux-x86_64-fedora-gcc | 0.2.0 | 191.79 | NOTE | |||
r-devel-windows-x86_64 | 0.2.0 | 49.00 | 95.00 | 144.00 | OK | |
r-patched-linux-x86_64 | 0.2.0 | 43.47 | 78.03 | 121.50 | OK | |
r-release-linux-x86_64 | 0.2.0 | 46.23 | 77.27 | 123.50 | OK | |
r-release-macos-arm64 | 0.2.0 | 52.00 | OK | |||
r-release-macos-x86_64 | 0.2.0 | 80.00 | OK | |||
r-release-windows-x86_64 | 0.2.0 | 64.00 | 107.00 | 171.00 | OK | |
r-oldrel-macos-arm64 | 0.2.0 | 64.00 | OK | |||
r-oldrel-windows-x86_64 | 0.2.0 | 60.00 | 111.00 | 171.00 | OK |
Version: 0.2.0
Check: compiled code
Result: NOTE
File ‘testforDEP/libs/testforDEP.so’:
Found no calls to: ‘R_registerRoutines’, ‘R_useDynamicSymbols’
It is good practice to register native routines and to disable symbol
search.
See ‘Writing portable packages’ in the ‘Writing R Extensions’ manual.
Flavors: r-devel-linux-x86_64-fedora-clang, r-devel-linux-x86_64-fedora-gcc