CRAN Package Check Results for Package testforDEP

Last updated on 2023-06-04 08:57:24 CEST.

Flavor Version Tinstall Tcheck Ttotal Status Flags
r-devel-linux-x86_64-debian-clang 0.2.0 62.50 80.18 142.68 OK
r-devel-linux-x86_64-debian-gcc 0.2.0 46.44 59.56 106.00 OK
r-devel-linux-x86_64-fedora-clang 0.2.0 208.26 NOTE
r-devel-linux-x86_64-fedora-gcc 0.2.0 184.84 NOTE
r-devel-windows-x86_64 0.2.0 50.00 98.00 148.00 OK
r-patched-linux-x86_64 0.2.0 48.32 73.64 121.96 OK
r-release-linux-x86_64 0.2.0 47.48 75.04 122.52 OK
r-release-macos-arm64 0.2.0 52.00 OK
r-release-macos-x86_64 0.2.0 80.00 OK
r-release-windows-x86_64 0.2.0 62.00 108.00 170.00 OK
r-oldrel-macos-arm64 0.2.0 64.00 OK
r-oldrel-macos-x86_64 0.2.0 103.00 OK
r-oldrel-windows-x86_64 0.2.0 60.00 109.00 169.00 OK

Check Details

Version: 0.2.0
Check: compiled code
Result: NOTE
    File ‘testforDEP/libs/testforDEP.so’:
     Found no calls to: ‘R_registerRoutines’, ‘R_useDynamicSymbols’
    
    It is good practice to register native routines and to disable symbol
    search.
    
    See ‘Writing portable packages’ in the ‘Writing R Extensions’ manual.
Flavors: r-devel-linux-x86_64-fedora-clang, r-devel-linux-x86_64-fedora-gcc