Last updated on 2024-03-28 23:55:22 CET.
Flavor | Version | Tinstall | Tcheck | Ttotal | Status | Flags |
---|---|---|---|---|---|---|
r-devel-linux-x86_64-debian-clang | 0.1.21 | 6.44 | 101.70 | 108.14 | NOTE | |
r-devel-linux-x86_64-debian-gcc | 0.1.21 | 5.11 | 77.55 | 82.66 | NOTE | |
r-devel-linux-x86_64-fedora-clang | 0.1.21 | 137.62 | NOTE | |||
r-devel-linux-x86_64-fedora-gcc | 0.1.21 | 135.64 | NOTE | |||
r-devel-windows-x86_64 | 0.1.21 | 11.00 | 94.00 | 105.00 | NOTE | |
r-patched-linux-x86_64 | 0.1.21 | 5.40 | 99.91 | 105.31 | NOTE | |
r-release-linux-x86_64 | 0.1.21 | 8.05 | 102.38 | 110.43 | NOTE | |
r-release-macos-arm64 | 0.1.21 | 49.00 | NOTE | |||
r-release-macos-x86_64 | 0.1.21 | 76.00 | NOTE | |||
r-release-windows-x86_64 | 0.1.21 | 14.00 | 117.00 | 131.00 | NOTE | |
r-oldrel-macos-arm64 | 0.1.21 | 29.00 | NOTE | |||
r-oldrel-windows-x86_64 | 0.1.21 | 14.00 | 111.00 | 125.00 | NOTE |
Version: 0.1.21
Check: LazyData
Result: NOTE
'LazyData' is specified without a 'data' directory
Flavors: r-devel-linux-x86_64-debian-clang, r-devel-linux-x86_64-debian-gcc, r-devel-linux-x86_64-fedora-clang, r-devel-linux-x86_64-fedora-gcc, r-devel-windows-x86_64, r-patched-linux-x86_64, r-release-linux-x86_64, r-release-macos-arm64, r-release-macos-x86_64, r-release-windows-x86_64, r-oldrel-macos-arm64, r-oldrel-windows-x86_64