Last updated on 2024-03-28 15:50:03 CET.
Flavor | Version | Tinstall | Tcheck | Ttotal | Status | Flags |
---|---|---|---|---|---|---|
r-devel-linux-x86_64-debian-clang | 1.2.0 | 26.67 | 215.99 | 242.66 | OK | |
r-devel-linux-x86_64-debian-gcc | 1.2.0 | 18.43 | 158.28 | 176.71 | OK | |
r-devel-linux-x86_64-fedora-clang | 1.2.0 | 297.70 | NOTE | |||
r-devel-linux-x86_64-fedora-gcc | 1.2.0 | 311.46 | NOTE | |||
r-devel-windows-x86_64 | 1.2.0 | 22.00 | 178.00 | 200.00 | OK | |
r-patched-linux-x86_64 | 1.2.0 | 18.63 | 207.05 | 225.68 | OK | |
r-release-linux-x86_64 | 1.2.0 | 16.03 | 203.39 | 219.42 | OK | |
r-release-macos-arm64 | 1.2.0 | 91.00 | OK | |||
r-release-macos-x86_64 | 1.2.0 | 199.00 | OK | |||
r-release-windows-x86_64 | 1.2.0 | 30.00 | 213.00 | 243.00 | OK | |
r-oldrel-macos-arm64 | 1.2.0 | 82.00 | OK | |||
r-oldrel-windows-x86_64 | 1.2.0 | 31.00 | 207.00 | 238.00 | OK |
Version: 1.2.0
Check: data for non-ASCII characters
Result: NOTE
Note: found 3 marked UTF-8 strings
Flavors: r-devel-linux-x86_64-fedora-clang, r-devel-linux-x86_64-fedora-gcc