CRAN Package Check Results for Package text2map

Last updated on 2022-09-28 00:52:56 CEST.

Flavor Version Tinstall Tcheck Ttotal Status Flags
r-devel-linux-x86_64-debian-clang 0.1.6 21.87 193.86 215.73 OK
r-devel-linux-x86_64-debian-gcc 0.1.6 16.05 140.62 156.67 OK
r-devel-linux-x86_64-fedora-clang 0.1.6 287.60 NOTE
r-devel-linux-x86_64-fedora-gcc 0.1.6 269.18 NOTE
r-devel-windows-x86_64 0.1.6 43.00 217.00 260.00 OK
r-patched-linux-x86_64 0.1.6 16.86 180.49 197.35 OK
r-release-linux-x86_64 0.1.6 17.19 179.38 196.57 OK
r-release-macos-arm64 0.1.6 70.00 NOTE
r-release-macos-x86_64 0.1.6 95.00 NOTE
r-release-windows-x86_64 0.1.6 50.00 209.00 259.00 OK
r-oldrel-macos-arm64 0.1.6 65.00 NOTE
r-oldrel-macos-x86_64 0.1.6 101.00 NOTE
r-oldrel-windows-ix86+x86_64 0.1.6 45.00 210.00 255.00 OK

Check Details

Version: 0.1.6
Check: data for non-ASCII characters
Result: NOTE
     Note: found 3 marked UTF-8 strings
Flavors: r-devel-linux-x86_64-fedora-clang, r-devel-linux-x86_64-fedora-gcc, r-release-macos-arm64, r-release-macos-x86_64, r-oldrel-macos-arm64, r-oldrel-macos-x86_64