CRAN Package Check Results for Package text2speech

Last updated on 2021-10-23 12:07:48 CEST.

Flavor Version Tinstall Tcheck Ttotal Status Flags
r-devel-linux-x86_64-debian-clang 0.2.13 2.51 35.49 38.00 NOTE
r-devel-linux-x86_64-debian-gcc 0.2.13 2.11 27.14 29.25 NOTE
r-devel-linux-x86_64-fedora-clang 0.2.13 56.77 NOTE
r-devel-linux-x86_64-fedora-gcc 0.2.13 46.27 NOTE
r-devel-windows-x86_64 0.2.13 5.00 66.00 71.00 NOTE
r-devel-windows-x86_64-gcc10-UCRT 0.2.13 NOTE
r-patched-linux-x86_64 0.2.13 9.37 33.93 43.30 NOTE
r-patched-solaris-x86 0.2.13 69.40 NOTE
r-release-linux-x86_64 0.2.13 2.68 33.70 36.38 NOTE
r-release-macos-arm64 0.2.13 NOTE
r-release-macos-x86_64 0.2.13 NOTE
r-release-windows-ix86+x86_64 0.2.13 5.00 60.00 65.00 NOTE
r-oldrel-macos-x86_64 0.2.13 OK
r-oldrel-windows-ix86+x86_64 0.2.13 7.00 58.00 65.00 OK

Check Details

Version: 0.2.13
Check: LazyData
Result: NOTE
     'LazyData' is specified without a 'data' directory
Flavors: r-devel-linux-x86_64-debian-clang, r-devel-linux-x86_64-debian-gcc, r-devel-linux-x86_64-fedora-clang, r-devel-linux-x86_64-fedora-gcc, r-devel-windows-x86_64, r-devel-windows-x86_64-gcc10-UCRT, r-patched-linux-x86_64, r-patched-solaris-x86, r-release-linux-x86_64, r-release-macos-arm64, r-release-macos-x86_64, r-release-windows-ix86+x86_64