CRAN Package Check Results for Package textdata

Last updated on 2021-10-21 16:50:01 CEST.

Flavor Version Tinstall Tcheck Ttotal Status Flags
r-devel-linux-x86_64-debian-clang 0.4.1 4.97 40.17 45.14 NOTE
r-devel-linux-x86_64-debian-gcc 0.4.1 3.94 30.73 34.67 NOTE
r-devel-linux-x86_64-fedora-clang 0.4.1 65.97 NOTE
r-devel-linux-x86_64-fedora-gcc 0.4.1 53.84 NOTE
r-devel-windows-x86_64 0.4.1 8.00 50.00 58.00 NOTE
r-devel-windows-x86_64-gcc10-UCRT 0.4.1 NOTE
r-patched-linux-x86_64 0.4.1 5.32 38.37 43.69 NOTE
r-patched-solaris-x86 0.4.1 82.00 NOTE
r-release-linux-x86_64 0.4.1 4.92 38.03 42.95 NOTE
r-release-macos-arm64 0.4.1 NOTE
r-release-macos-x86_64 0.4.1 NOTE
r-release-windows-ix86+x86_64 0.4.1 13.00 59.00 72.00 NOTE
r-oldrel-macos-x86_64 0.4.1 OK
r-oldrel-windows-ix86+x86_64 0.4.1 11.00 61.00 72.00 OK

Check Details

Version: 0.4.1
Check: LazyData
Result: NOTE
     'LazyData' is specified without a 'data' directory
Flavors: r-devel-linux-x86_64-debian-clang, r-devel-linux-x86_64-debian-gcc, r-devel-linux-x86_64-fedora-clang, r-devel-linux-x86_64-fedora-gcc, r-devel-windows-x86_64, r-devel-windows-x86_64-gcc10-UCRT, r-patched-linux-x86_64, r-patched-solaris-x86, r-release-linux-x86_64, r-release-macos-arm64, r-release-macos-x86_64, r-release-windows-ix86+x86_64