Last updated on 2023-10-04 00:58:39 CEST.
Flavor | Version | Tinstall | Tcheck | Ttotal | Status | Flags |
---|---|---|---|---|---|---|
r-devel-linux-x86_64-debian-clang | 3.0.5 | 115.75 | 409.14 | 524.89 | NOTE | |
r-devel-linux-x86_64-debian-gcc | 3.0.5 | 78.26 | 288.88 | 367.14 | NOTE | |
r-devel-linux-x86_64-fedora-clang | 3.0.5 | 663.80 | NOTE | |||
r-devel-linux-x86_64-fedora-gcc | 3.0.5 | 717.59 | NOTE | |||
r-devel-windows-x86_64 | 3.0.5 | 86.00 | 387.00 | 473.00 | NOTE | |
r-patched-linux-x86_64 | 3.0.5 | 117.43 | 385.44 | 502.87 | NOTE | |
r-release-linux-x86_64 | 3.0.5 | 112.52 | 381.76 | 494.28 | NOTE | |
r-release-macos-arm64 | 3.0.5 | 229.00 | NOTE | |||
r-release-macos-x86_64 | 3.0.5 | 363.00 | NOTE | |||
r-release-windows-x86_64 | 3.0.5 | 113.00 | 467.00 | 580.00 | NOTE | |
r-oldrel-macos-arm64 | 3.0.5 | 180.00 | NOTE | |||
r-oldrel-macos-x86_64 | 3.0.5 | 221.00 | NOTE | |||
r-oldrel-windows-x86_64 | 3.0.5 | 108.00 | 465.00 | 573.00 | OK |
Version: 3.0.5
Check: C++ specification
Result: NOTE
Specified C++11: please drop specification unless essential
Flavors: r-devel-linux-x86_64-debian-clang, r-devel-linux-x86_64-debian-gcc, r-devel-linux-x86_64-fedora-clang, r-devel-linux-x86_64-fedora-gcc, r-devel-windows-x86_64, r-patched-linux-x86_64, r-release-linux-x86_64, r-release-macos-arm64, r-release-macos-x86_64, r-release-windows-x86_64
Version: 3.0.5
Check: Rd cross-references
Result: NOTE
Undeclared package ‘tm’ in Rd xrefs
Flavor: r-devel-linux-x86_64-fedora-clang
Version: 3.0.5
Check: installed package size
Result: NOTE
installed size is 5.4Mb
sub-directories of 1Mb or more:
libs 3.5Mb
Flavors: r-release-macos-arm64, r-release-macos-x86_64, r-oldrel-macos-arm64, r-oldrel-macos-x86_64