CRAN Package Check Results for Package textreadr

Last updated on 2021-12-02 12:55:00 CET.

Flavor Version Tinstall Tcheck Ttotal Status Flags
r-devel-linux-x86_64-debian-clang 1.2.0 4.14 38.46 42.60 OK
r-devel-linux-x86_64-debian-gcc 1.2.0 2.43 28.97 31.40 OK
r-devel-linux-x86_64-fedora-clang 1.2.0 67.57 OK
r-devel-linux-x86_64-fedora-gcc 1.2.0 50.17 OK
r-devel-windows-x86_64-new-UL 1.2.0 13.00 83.00 96.00 OK
r-devel-windows-x86_64-new-TK 1.2.0 OK
r-devel-windows-x86_64-old 1.2.0 7.00 45.00 52.00 OK
r-patched-linux-x86_64 1.2.0 3.78 36.84 40.62 OK
r-patched-solaris-x86 1.2.0 77.50 NOTE
r-release-linux-x86_64 1.2.0 4.25 35.89 40.14 OK
r-release-macos-arm64 1.2.0 OK
r-release-macos-x86_64 1.2.0 OK
r-release-windows-ix86+x86_64 1.2.0 9.00 58.00 67.00 OK
r-oldrel-macos-x86_64 1.2.0 OK
r-oldrel-windows-ix86+x86_64 1.2.0 9.00 58.00 67.00 OK

Check Details

Version: 1.2.0
Check: package dependencies
Result: NOTE
    Package suggested but not available for checking: ‘tesseract’
Flavor: r-patched-solaris-x86