Last updated on 2023-12-02 16:49:31 CET.
Flavor | Version | Tinstall | Tcheck | Ttotal | Status | Flags |
---|---|---|---|---|---|---|
r-devel-linux-x86_64-debian-clang | 0.1.5 | 22.36 | 72.00 | 94.36 | NOTE | |
r-devel-linux-x86_64-debian-gcc | 0.1.5 | 18.36 | 56.08 | 74.44 | NOTE | |
r-devel-linux-x86_64-fedora-clang | 0.1.5 | 124.80 | OK | |||
r-devel-linux-x86_64-fedora-gcc | 0.1.5 | 136.54 | OK | |||
r-devel-windows-x86_64 | 0.1.5 | 18.00 | 133.00 | 151.00 | OK | |
r-patched-linux-x86_64 | 0.1.5 | 20.92 | 70.03 | 90.95 | OK | |
r-release-linux-x86_64 | 0.1.5 | 21.37 | 69.55 | 90.92 | OK | |
r-release-macos-arm64 | 0.1.5 | 46.00 | OK | |||
r-release-macos-x86_64 | 0.1.5 | 74.00 | OK | |||
r-release-windows-x86_64 | 0.1.5 | 21.00 | 121.00 | 142.00 | OK | |
r-oldrel-macos-arm64 | 0.1.5 | 40.00 | OK | |||
r-oldrel-macos-x86_64 | 0.1.5 | 52.00 | OK | |||
r-oldrel-windows-x86_64 | 0.1.5 | 28.00 | 108.00 | 136.00 | OK |
Version: 0.1.5
Check: Rd files
Result: NOTE
checkRd: (-1) make.phrase.matrix.Rd:20: Lost braces
20 | \\tabular{rrrrr}{
| ^
checkRd: (-1) make.phrase.matrix.Rd:20-23: Lost braces
20 | \\tabular{rrrrr}{
| ^
Flavors: r-devel-linux-x86_64-debian-clang, r-devel-linux-x86_64-debian-gcc