Last updated on 2023-11-30 16:49:40 CET.
Flavor | Version | Tinstall | Tcheck | Ttotal | Status | Flags |
---|---|---|---|---|---|---|
r-devel-linux-x86_64-debian-clang | 0.1.5 | 46.77 | 75.36 | 122.13 | NOTE | |
r-devel-linux-x86_64-debian-gcc | 0.1.5 | 32.74 | 56.98 | 89.72 | NOTE | |
r-devel-linux-x86_64-fedora-clang | 0.1.5 | 171.94 | NOTE | |||
r-devel-linux-x86_64-fedora-gcc | 0.1.5 | 171.61 | NOTE | |||
r-devel-windows-x86_64 | 0.1.5 | 37.00 | 101.00 | 138.00 | NOTE | |
r-patched-linux-x86_64 | 0.1.5 | 26.80 | 71.11 | 97.91 | NOTE | |
r-release-linux-x86_64 | 0.1.5 | 32.55 | 71.82 | 104.37 | NOTE | |
r-release-macos-arm64 | 0.1.5 | 60.00 | NOTE | |||
r-release-macos-x86_64 | 0.1.5 | 88.00 | NOTE | |||
r-release-windows-x86_64 | 0.1.5 | 51.00 | 116.00 | 167.00 | NOTE | |
r-oldrel-macos-arm64 | 0.1.5 | 46.00 | NOTE | |||
r-oldrel-macos-x86_64 | 0.1.5 | 73.00 | NOTE | |||
r-oldrel-windows-x86_64 | 0.1.5 | 48.00 | 113.00 | 161.00 | NOTE |
Version: 0.1.5
Check: LazyData
Result: NOTE
'LazyData' is specified without a 'data' directory
Flavors: r-devel-linux-x86_64-debian-clang, r-devel-linux-x86_64-debian-gcc, r-devel-linux-x86_64-fedora-clang, r-devel-linux-x86_64-fedora-gcc, r-devel-windows-x86_64, r-patched-linux-x86_64, r-release-linux-x86_64, r-release-macos-arm64, r-release-macos-x86_64, r-release-windows-x86_64, r-oldrel-macos-arm64, r-oldrel-macos-x86_64, r-oldrel-windows-x86_64
Version: 0.1.5
Check: Rd cross-references
Result: NOTE
Undeclared package ‘tm’ in Rd xrefs
Flavor: r-devel-linux-x86_64-fedora-clang