Last updated on 2024-04-20 08:51:16 CEST.
Flavor | Version | Tinstall | Tcheck | Ttotal | Status | Flags |
---|---|---|---|---|---|---|
r-devel-linux-x86_64-debian-clang | 0.1.5 | 57.54 | 77.84 | 135.38 | NOTE | |
r-devel-linux-x86_64-debian-gcc | 0.1.5 | 36.13 | 57.44 | 93.57 | NOTE | |
r-devel-linux-x86_64-fedora-clang | 0.1.5 | 177.81 | NOTE | |||
r-devel-linux-x86_64-fedora-gcc | 0.1.5 | 184.81 | NOTE | |||
r-prerel-macos-arm64 | 0.1.5 | 52.00 | NOTE | |||
r-prerel-windows-x86_64 | 0.1.5 | 42.00 | 103.00 | 145.00 | NOTE | |
r-patched-linux-x86_64 | 0.1.5 | 47.36 | 74.12 | 121.48 | NOTE | |
r-release-linux-x86_64 | 0.1.5 | 32.18 | 73.13 | 105.31 | NOTE | |
r-release-macos-arm64 | 0.1.5 | 60.00 | NOTE | |||
r-release-macos-x86_64 | 0.1.5 | 88.00 | NOTE | |||
r-release-windows-x86_64 | 0.1.5 | 50.00 | 116.00 | 166.00 | NOTE | |
r-oldrel-macos-arm64 | 0.1.5 | 46.00 | NOTE | |||
r-oldrel-windows-x86_64 | 0.1.5 | 48.00 | 112.00 | 160.00 | NOTE |
Version: 0.1.5
Check: LazyData
Result: NOTE
'LazyData' is specified without a 'data' directory
Flavors: r-devel-linux-x86_64-debian-clang, r-devel-linux-x86_64-debian-gcc, r-devel-linux-x86_64-fedora-clang, r-devel-linux-x86_64-fedora-gcc, r-prerel-macos-arm64, r-prerel-windows-x86_64, r-patched-linux-x86_64, r-release-linux-x86_64, r-release-macos-arm64, r-release-macos-x86_64, r-release-windows-x86_64, r-oldrel-macos-arm64, r-oldrel-windows-x86_64
Version: 0.1.5
Check: Rd cross-references
Result: NOTE
Undeclared package ‘tm’ in Rd xrefs
Flavor: r-devel-linux-x86_64-fedora-clang