Last updated on 2024-04-20 08:51:16 CEST.
Flavor | Version | Tinstall | Tcheck | Ttotal | Status | Flags |
---|---|---|---|---|---|---|
r-devel-linux-x86_64-debian-clang | 1.7.5 | 4.15 | 42.51 | 46.66 | OK | |
r-devel-linux-x86_64-debian-gcc | 1.7.5 | 3.38 | 30.95 | 34.33 | OK | |
r-devel-linux-x86_64-fedora-clang | 1.7.5 | 59.59 | NOTE | |||
r-devel-linux-x86_64-fedora-gcc | 1.7.5 | 56.73 | OK | |||
r-prerel-macos-arm64 | 1.7.5 | 20.00 | OK | |||
r-prerel-macos-x86_64 | 1.7.5 | 69.00 | OK | |||
r-prerel-windows-x86_64 | 1.7.5 | 5.00 | 57.00 | 62.00 | OK | |
r-patched-linux-x86_64 | 1.7.5 | 4.07 | 39.84 | 43.91 | OK | |
r-release-linux-x86_64 | 1.7.5 | 4.13 | 39.91 | 44.04 | OK | |
r-release-macos-arm64 | 1.7.5 | 38.00 | OK | |||
r-release-macos-x86_64 | 1.7.5 | 72.00 | OK | |||
r-release-windows-x86_64 | 1.7.5 | 5.00 | 62.00 | 67.00 | OK | |
r-oldrel-macos-arm64 | 1.7.5 | 29.00 | OK | |||
r-oldrel-windows-x86_64 | 1.7.5 | 6.00 | 61.00 | 67.00 | OK |
Version: 1.7.5
Check: Rd cross-references
Result: NOTE
Undeclared package ‘tm’ in Rd xrefs
Flavor: r-devel-linux-x86_64-fedora-clang