Last updated on 2023-05-28 23:14:12 CEST.
Flavor | Version | Tinstall | Tcheck | Ttotal | Status | Flags |
---|---|---|---|---|---|---|
r-devel-linux-x86_64-debian-clang | 0.10.0 | 9.57 | 111.03 | 120.60 | NOTE | |
r-devel-linux-x86_64-debian-gcc | 0.10.0 | 9.60 | 84.88 | 94.48 | NOTE | |
r-devel-linux-x86_64-fedora-clang | 0.10.0 | 161.14 | NOTE | |||
r-devel-linux-x86_64-fedora-gcc | 0.10.0 | 157.62 | NOTE | |||
r-devel-windows-x86_64 | 0.10.0 | 12.00 | 129.00 | 141.00 | NOTE | |
r-patched-linux-x86_64 | 0.10.0 | 12.72 | 106.51 | 119.23 | NOTE | |
r-release-linux-x86_64 | 0.10.0 | 11.48 | 104.92 | 116.40 | NOTE | |
r-release-macos-arm64 | 0.10.0 | 52.00 | NOTE | |||
r-release-macos-x86_64 | 0.10.0 | 86.00 | NOTE | |||
r-release-windows-x86_64 | 0.10.0 | 15.00 | 149.00 | 164.00 | NOTE | |
r-oldrel-macos-arm64 | 0.10.0 | 39.00 | NOTE | |||
r-oldrel-macos-x86_64 | 0.10.0 | 81.00 | NOTE | |||
r-oldrel-windows-x86_64 | 0.10.0 | 15.00 | 127.00 | 142.00 | NOTE |
Version: 0.10.0
Check: LazyData
Result: NOTE
'LazyData' is specified without a 'data' directory
Flavors: r-devel-linux-x86_64-debian-clang, r-devel-linux-x86_64-debian-gcc, r-devel-linux-x86_64-fedora-clang, r-devel-linux-x86_64-fedora-gcc, r-devel-windows-x86_64, r-patched-linux-x86_64, r-release-linux-x86_64, r-release-macos-arm64, r-release-macos-x86_64, r-release-windows-x86_64, r-oldrel-macos-arm64, r-oldrel-macos-x86_64, r-oldrel-windows-x86_64