CRAN Package Check Results for Package tfaddons

Last updated on 2024-02-29 08:49:10 CET.

Flavor Version Tinstall Tcheck Ttotal Status Flags
r-devel-linux-x86_64-debian-clang 0.10.0 12.30 113.64 125.94 NOTE
r-devel-linux-x86_64-debian-gcc 0.10.0 8.67 85.82 94.49 NOTE
r-devel-linux-x86_64-fedora-clang 0.10.0 153.30 NOTE
r-devel-linux-x86_64-fedora-gcc 0.10.0 161.11 NOTE
r-devel-windows-x86_64 0.10.0 11.00 168.00 179.00 NOTE
r-patched-linux-x86_64 0.10.0 13.25 110.05 123.30 NOTE
r-release-linux-x86_64 0.10.0 10.94 108.79 119.73 NOTE
r-release-macos-arm64 0.10.0 52.00 NOTE
r-release-macos-x86_64 0.10.0 86.00 NOTE
r-release-windows-x86_64 0.10.0 16.00 164.00 180.00 NOTE
r-oldrel-macos-arm64 0.10.0 39.00 NOTE
r-oldrel-windows-x86_64 0.10.0 15.00 142.00 157.00 NOTE

Check Details

Version: 0.10.0
Check: Rd files
Result: NOTE checkRd: (-1) callback_average_model_checkpoint.Rd:30: Lost braces; missing escapes or markup? 30 | formatting options like `{epoch}` then `filepath` will be overwritten by each new | ^ checkRd: (-1) callback_average_model_checkpoint.Rd:36: Lost braces; missing escapes or markup? 36 | \item{mode}{one of {auto, min, max}. If `save_best_only=TRUE`, the decision to | ^ checkRd: (-1) callback_average_model_checkpoint.Rd:63: Lost braces; missing escapes or markup? 63 | if `filepath` is `weights.{epoch:02d}-{val_loss:.2f}.hdf5`,: | ^ checkRd: (-1) callback_average_model_checkpoint.Rd:63: Lost braces; missing escapes or markup? 63 | if `filepath` is `weights.{epoch:02d}-{val_loss:.2f}.hdf5`,: | ^ checkRd: (-1) callback_tqdm_progress_bar.Rd:23: Lost braces; missing escapes or markup? 23 | By default: '{l_bar}{bar} {n_fmt}/{total_fmt} ETA: {remaining}s, {rate_fmt}{postfix}'} | ^ checkRd: (-1) callback_tqdm_progress_bar.Rd:23: Lost braces 23 | By default: '{l_bar}{bar} {n_fmt}/{total_fmt} ETA: {remaining}s, {rate_fmt}{postfix}'} | ^ checkRd: (-1) callback_tqdm_progress_bar.Rd:23: Lost braces; missing escapes or markup? 23 | By default: '{l_bar}{bar} {n_fmt}/{total_fmt} ETA: {remaining}s, {rate_fmt}{postfix}'} | ^ checkRd: (-1) callback_tqdm_progress_bar.Rd:23: Lost braces; missing escapes or markup? 23 | By default: '{l_bar}{bar} {n_fmt}/{total_fmt} ETA: {remaining}s, {rate_fmt}{postfix}'} | ^ checkRd: (-1) callback_tqdm_progress_bar.Rd:23: Lost braces; missing escapes or markup? 23 | By default: '{l_bar}{bar} {n_fmt}/{total_fmt} ETA: {remaining}s, {rate_fmt}{postfix}'} | ^ checkRd: (-1) callback_tqdm_progress_bar.Rd:23: Lost braces; missing escapes or markup? 23 | By default: '{l_bar}{bar} {n_fmt}/{total_fmt} ETA: {remaining}s, {rate_fmt}{postfix}'} | ^ checkRd: (-1) callback_tqdm_progress_bar.Rd:23: Lost braces 23 | By default: '{l_bar}{bar} {n_fmt}/{total_fmt} ETA: {remaining}s, {rate_fmt}{postfix}'} | ^ checkRd: (-1) img_interpolate_spline.Rd:46: Lost braces; missing escapes or markup? 46 | f(x) = `\\sum_{i = 1}^n w_i \\phi(||x - c_i||) + v^T x + b`. This is a sum of two terms: | ^ checkRd: (-1) loss_npairs_multilabel.Rd:26: Lost braces; missing escapes or markup? 26 | L_{i,j} = | set_of_labels_for(i) `\\cap` set_of_labels_for(j) | | ^ Flavors: r-devel-linux-x86_64-debian-clang, r-devel-linux-x86_64-debian-gcc, r-devel-linux-x86_64-fedora-clang, r-devel-linux-x86_64-fedora-gcc

Version: 0.10.0
Check: LazyData
Result: NOTE 'LazyData' is specified without a 'data' directory Flavors: r-devel-linux-x86_64-debian-clang, r-devel-linux-x86_64-debian-gcc, r-devel-linux-x86_64-fedora-clang, r-devel-linux-x86_64-fedora-gcc, r-devel-windows-x86_64, r-patched-linux-x86_64, r-release-linux-x86_64, r-release-macos-arm64, r-release-macos-x86_64, r-release-windows-x86_64, r-oldrel-macos-arm64, r-oldrel-windows-x86_64