Last updated on 2023-06-04 08:57:24 CEST.
Flavor | Version | Tinstall | Tcheck | Ttotal | Status | Flags |
---|---|---|---|---|---|---|
r-devel-linux-x86_64-debian-clang | 1.0.0 | 1.42 | 21.65 | 23.07 | NOTE | |
r-devel-linux-x86_64-debian-gcc | 1.0.0 | 1.54 | 17.01 | 18.55 | NOTE | |
r-devel-linux-x86_64-fedora-clang | 1.0.0 | 31.62 | NOTE | |||
r-devel-linux-x86_64-fedora-gcc | 1.0.0 | 87.80 | NOTE | |||
r-devel-windows-x86_64 | 1.0.0 | 2.00 | 40.00 | 42.00 | NOTE | |
r-patched-linux-x86_64 | 1.0.0 | 2.16 | 20.88 | 23.04 | NOTE | |
r-release-linux-x86_64 | 1.0.0 | 1.78 | 21.39 | 23.17 | NOTE | |
r-release-macos-arm64 | 1.0.0 | 33.00 | NOTE | |||
r-release-macos-x86_64 | 1.0.0 | 80.00 | NOTE | |||
r-release-windows-x86_64 | 1.0.0 | 3.00 | 40.00 | 43.00 | NOTE | |
r-oldrel-macos-arm64 | 1.0.0 | 42.00 | NOTE | |||
r-oldrel-macos-x86_64 | 1.0.0 | 49.00 | NOTE | |||
r-oldrel-windows-x86_64 | 1.0.0 | 3.00 | 42.00 | 45.00 | NOTE |
Version: 1.0.0
Check: LazyData
Result: NOTE
'LazyData' is specified without a 'data' directory
Flavors: r-devel-linux-x86_64-debian-clang, r-devel-linux-x86_64-debian-gcc, r-devel-linux-x86_64-fedora-clang, r-devel-linux-x86_64-fedora-gcc, r-devel-windows-x86_64, r-patched-linux-x86_64, r-release-linux-x86_64, r-release-macos-arm64, r-release-macos-x86_64, r-release-windows-x86_64, r-oldrel-macos-arm64, r-oldrel-macos-x86_64, r-oldrel-windows-x86_64