CRAN Package Check Results for Package theiaR

Last updated on 2021-10-22 12:59:32 CEST.

Flavor Version Tinstall Tcheck Ttotal Status Flags
r-devel-linux-x86_64-debian-clang 0.4.0 6.17 34.73 40.90 NOTE
r-devel-linux-x86_64-debian-gcc 0.4.0 3.91 26.89 30.80 NOTE
r-devel-linux-x86_64-fedora-clang 0.4.0 58.64 NOTE
r-devel-linux-x86_64-fedora-gcc 0.4.0 48.72 NOTE
r-devel-windows-x86_64 0.4.0 9.00 45.00 54.00 NOTE
r-devel-windows-x86_64-gcc10-UCRT 0.4.0 NOTE
r-patched-linux-x86_64 0.4.0 4.73 34.05 38.78 NOTE
r-patched-solaris-x86 0.4.0 61.70 NOTE
r-release-linux-x86_64 0.4.0 5.24 34.36 39.60 NOTE
r-release-macos-arm64 0.4.0 NOTE
r-release-macos-x86_64 0.4.0 NOTE
r-release-windows-ix86+x86_64 0.4.0 7.00 54.00 61.00 NOTE
r-oldrel-macos-x86_64 0.4.0 OK
r-oldrel-windows-ix86+x86_64 0.4.0 10.00 49.00 59.00 OK

Check Details

Version: 0.4.0
Check: LazyData
Result: NOTE
     'LazyData' is specified without a 'data' directory
Flavors: r-devel-linux-x86_64-debian-clang, r-devel-linux-x86_64-debian-gcc, r-devel-linux-x86_64-fedora-clang, r-devel-linux-x86_64-fedora-gcc, r-devel-windows-x86_64, r-devel-windows-x86_64-gcc10-UCRT, r-patched-linux-x86_64, r-patched-solaris-x86, r-release-linux-x86_64, r-release-macos-arm64, r-release-macos-x86_64, r-release-windows-ix86+x86_64