CRAN Package Check Results for Package themetagenomics

Last updated on 2021-09-27 16:50:33 CEST.

Flavor Version Tinstall Tcheck Ttotal Status Flags
r-devel-linux-x86_64-debian-clang 1.0.2 40.72 366.07 406.79 OK
r-devel-linux-x86_64-debian-gcc 1.0.2 28.88 272.08 300.96 OK
r-devel-linux-x86_64-fedora-clang 1.0.2 578.85 NOTE
r-devel-linux-x86_64-fedora-gcc 1.0.2 481.41 OK
r-devel-windows-x86_64 1.0.2 41.00 355.00 396.00 OK
r-devel-windows-x86_64-gcc10-UCRT 1.0.2 OK
r-patched-linux-x86_64 1.0.2 41.41 357.84 399.25 OK
r-patched-solaris-x86 1.0.2 717.90 OK
r-release-linux-x86_64 1.0.2 33.54 358.37 391.91 OK
r-release-macos-arm64 1.0.2 OK
r-release-macos-x86_64 1.0.2 OK
r-release-windows-ix86+x86_64 1.0.2 94.00 443.00 537.00 NOTE
r-oldrel-macos-x86_64 1.0.2 OK
r-oldrel-windows-ix86+x86_64 1.0.2 68.00 466.00 534.00 NOTE

Check Details

Version: 1.0.2
Check: Rd cross-references
Result: NOTE
    Undeclared package ‘glmnet’ in Rd xrefs
Flavor: r-devel-linux-x86_64-fedora-clang

Version: 1.0.2
Check: installed package size
Result: NOTE
     installed size is 5.0Mb
     sub-directories of 1Mb or more:
     doc 1.0Mb
     libs 2.2Mb
     references 1.1Mb
Flavors: r-release-windows-ix86+x86_64, r-oldrel-windows-ix86+x86_64