CRAN Package Check Results for Package threewords

Last updated on 2021-12-02 00:49:27 CET.

Flavor Version Tinstall Tcheck Ttotal Status Flags
r-devel-linux-x86_64-debian-clang 0.1.0 1.95 20.26 22.21 NOTE
r-devel-linux-x86_64-debian-gcc 0.1.0 1.56 16.58 18.14 NOTE
r-devel-linux-x86_64-fedora-clang 0.1.0 41.50 NOTE
r-devel-linux-x86_64-fedora-gcc 0.1.0 27.12 NOTE
r-devel-windows-x86_64-new-UL 0.1.0 5.00 52.00 57.00 NOTE
r-devel-windows-x86_64-new-TK 0.1.0 NOTE
r-devel-windows-x86_64-old 0.1.0 7.00 29.00 36.00 NOTE
r-patched-linux-x86_64 0.1.0 1.86 19.31 21.17 NOTE
r-patched-solaris-x86 0.1.0 43.40 NOTE
r-release-linux-x86_64 0.1.0 1.49 19.31 20.80 NOTE
r-release-macos-arm64 0.1.0 NOTE
r-release-macos-x86_64 0.1.0 NOTE
r-release-windows-ix86+x86_64 0.1.0 6.00 36.00 42.00 NOTE
r-oldrel-macos-x86_64 0.1.0 OK
r-oldrel-windows-ix86+x86_64 0.1.0 6.00 39.00 45.00 OK

Check Details

Version: 0.1.0
Check: LazyData
Result: NOTE
     'LazyData' is specified without a 'data' directory
Flavors: r-devel-linux-x86_64-debian-clang, r-devel-linux-x86_64-debian-gcc, r-devel-linux-x86_64-fedora-clang, r-devel-linux-x86_64-fedora-gcc, r-devel-windows-x86_64-new-UL, r-devel-windows-x86_64-new-TK, r-devel-windows-x86_64-old, r-patched-linux-x86_64, r-patched-solaris-x86, r-release-linux-x86_64, r-release-macos-arm64, r-release-macos-x86_64, r-release-windows-ix86+x86_64