Last updated on 2023-06-02 18:52:59 CEST.
Flavor | Version | Tinstall | Tcheck | Ttotal | Status | Flags |
---|---|---|---|---|---|---|
r-devel-linux-x86_64-debian-clang | 0.12.1 | 286.81 | 153.86 | 440.67 | NOTE | |
r-devel-linux-x86_64-debian-gcc | 0.12.1 | 241.13 | 130.22 | 371.35 | NOTE | |
r-devel-linux-x86_64-fedora-clang | 0.12.1 | 534.26 | NOTE | |||
r-devel-linux-x86_64-fedora-gcc | 0.12.1 | 679.48 | NOTE | |||
r-devel-windows-x86_64 | 0.12.1 | 225.00 | 166.00 | 391.00 | NOTE | |
r-patched-linux-x86_64 | 0.12.1 | NOTE | ||||
r-release-linux-x86_64 | 0.12.1 | 201.25 | 166.03 | 367.28 | NOTE | |
r-release-macos-arm64 | 0.12.1 | 166.00 | NOTE | |||
r-release-macos-x86_64 | 0.12.1 | 273.00 | NOTE | |||
r-release-windows-x86_64 | 0.12.1 | 270.00 | 216.00 | 486.00 | NOTE | |
r-oldrel-macos-arm64 | 0.12.1 | 141.00 | NOTE | |||
r-oldrel-macos-x86_64 | 0.12.1 | 252.00 | NOTE | |||
r-oldrel-windows-x86_64 | 0.12.1 | 246.00 | 208.00 | 454.00 | NOTE |
Version: 0.12.1
Check: C++ specification
Result: NOTE
Specified C++14: please drop specification unless essential
Flavors: r-devel-linux-x86_64-debian-clang, r-devel-linux-x86_64-debian-gcc, r-devel-linux-x86_64-fedora-clang, r-devel-linux-x86_64-fedora-gcc, r-devel-windows-x86_64, r-patched-linux-x86_64, r-release-linux-x86_64, r-release-macos-arm64, r-release-macos-x86_64, r-release-windows-x86_64
Version: 0.12.1
Check: for GNU extensions in Makefiles
Result: NOTE
GNU make is a SystemRequirements.
Flavors: r-devel-linux-x86_64-debian-clang, r-devel-linux-x86_64-debian-gcc, r-devel-linux-x86_64-fedora-clang, r-devel-linux-x86_64-fedora-gcc, r-devel-windows-x86_64, r-patched-linux-x86_64, r-release-linux-x86_64, r-release-macos-arm64, r-release-macos-x86_64, r-release-windows-x86_64, r-oldrel-macos-arm64, r-oldrel-macos-x86_64, r-oldrel-windows-x86_64
Version: 0.12.1
Check: dependencies in R code
Result: NOTE
Namespaces in Imports field not imported from:
‘RcppParallel’ ‘knitr’
All declared Imports should be used.
Flavors: r-devel-linux-x86_64-fedora-clang, r-devel-linux-x86_64-fedora-gcc, r-oldrel-macos-arm64, r-oldrel-macos-x86_64
Version: 0.12.1
Check: installed package size
Result: NOTE
installed size is 49.1Mb
sub-directories of 1Mb or more:
libs 48.6Mb
Flavors: r-release-macos-arm64, r-release-macos-x86_64, r-oldrel-macos-arm64, r-oldrel-macos-x86_64