Last updated on 2023-05-28 23:14:12 CEST.
Flavor | Version | Tinstall | Tcheck | Ttotal | Status | Flags |
---|---|---|---|---|---|---|
r-devel-linux-x86_64-debian-clang | 0.1.1 | 2.04 | 37.49 | 39.53 | OK | |
r-devel-linux-x86_64-debian-gcc | 0.1.1 | 1.89 | 29.68 | 31.57 | OK | |
r-devel-linux-x86_64-fedora-clang | 0.1.1 | 50.08 | NOTE | |||
r-devel-linux-x86_64-fedora-gcc | 0.1.1 | 57.67 | NOTE | |||
r-devel-windows-x86_64 | 0.1.1 | 3.00 | 55.00 | 58.00 | OK | |
r-patched-linux-x86_64 | 0.1.1 | 1.87 | 36.43 | 38.30 | OK | |
r-release-linux-x86_64 | 0.1.1 | 1.88 | 37.15 | 39.03 | OK | |
r-release-macos-arm64 | 0.1.1 | 29.00 | OK | |||
r-release-macos-x86_64 | 0.1.1 | 45.00 | OK | |||
r-release-windows-x86_64 | 0.1.1 | 4.00 | 60.00 | 64.00 | OK | |
r-oldrel-macos-arm64 | 0.1.1 | 27.00 | OK | |||
r-oldrel-macos-x86_64 | 0.1.1 | 35.00 | NOTE | |||
r-oldrel-windows-x86_64 | 0.1.1 | 5.00 | 63.00 | 68.00 | OK |
Version: 0.1.1
Check: data for non-ASCII characters
Result: NOTE
Note: found 40 marked UTF-8 strings
Flavors: r-devel-linux-x86_64-fedora-clang, r-devel-linux-x86_64-fedora-gcc, r-oldrel-macos-x86_64