CRAN Package Check Results for Package tidyLPA

Last updated on 2021-10-26 04:27:32 CEST.

Flavor Version Tinstall Tcheck Ttotal Status Flags
r-devel-linux-x86_64-debian-clang 1.0.8 9.33 136.16 145.49 OK
r-devel-linux-x86_64-debian-gcc 1.0.8 7.49 95.71 103.20 OK
r-devel-linux-x86_64-fedora-clang 1.0.8 175.90 NOTE
r-devel-linux-x86_64-fedora-gcc 1.0.8 166.05 NOTE
r-devel-windows-x86_64 1.0.8 17.00 183.00 200.00 OK
r-devel-windows-x86_64-gcc10-UCRT 1.0.8 NOTE
r-patched-linux-x86_64 1.0.8 9.66 125.11 134.77 OK
r-patched-solaris-x86 1.0.8 199.90 NOTE
r-release-linux-x86_64 1.0.8 9.57 127.36 136.93 OK
r-release-macos-arm64 1.0.8 NOTE
r-release-macos-x86_64 1.0.8 NOTE
r-release-windows-ix86+x86_64 1.0.8 17.00 196.00 213.00 OK
r-oldrel-macos-x86_64 1.0.8 NOTE
r-oldrel-windows-ix86+x86_64 1.0.8 24.00 171.00 195.00 OK

Check Details

Version: 1.0.8
Check: dependencies in R code
Result: NOTE
    Namespace in Imports field not imported from: ‘mix’
     All declared Imports should be used.
Flavors: r-devel-linux-x86_64-fedora-clang, r-devel-linux-x86_64-fedora-gcc, r-devel-windows-x86_64-gcc10-UCRT, r-patched-solaris-x86, r-release-macos-arm64, r-release-macos-x86_64, r-oldrel-macos-x86_64