CRAN Package Check Results for Package tidycwl

Last updated on 2021-09-24 20:49:03 CEST.

Flavor Version Tinstall Tcheck Ttotal Status Flags
r-devel-linux-x86_64-debian-clang 1.0.5 4.52 57.80 62.32 NOTE
r-devel-linux-x86_64-debian-gcc 1.0.5 4.35 42.72 47.07 NOTE
r-devel-linux-x86_64-fedora-clang 1.0.5 81.58 NOTE
r-devel-linux-x86_64-fedora-gcc 1.0.5 70.43 NOTE
r-devel-windows-x86_64 1.0.5 7.00 65.00 72.00 NOTE
r-devel-windows-x86_64-gcc10-UCRT 1.0.5 NOTE
r-patched-linux-x86_64 1.0.5 4.61 53.71 58.32 NOTE
r-patched-solaris-x86 1.0.5 101.10 NOTE
r-release-linux-x86_64 1.0.5 5.04 53.69 58.73 NOTE
r-release-macos-arm64 1.0.5 NOTE
r-release-macos-x86_64 1.0.5 NOTE
r-release-windows-ix86+x86_64 1.0.5 12.00 58.00 70.00 NOTE
r-oldrel-macos-x86_64 1.0.5 OK
r-oldrel-windows-ix86+x86_64 1.0.5 9.00 60.00 69.00 OK

Check Details

Version: 1.0.5
Check: LazyData
Result: NOTE
     'LazyData' is specified without a 'data' directory
Flavors: r-devel-linux-x86_64-debian-clang, r-devel-linux-x86_64-debian-gcc, r-devel-linux-x86_64-fedora-clang, r-devel-linux-x86_64-fedora-gcc, r-devel-windows-x86_64, r-devel-windows-x86_64-gcc10-UCRT, r-patched-linux-x86_64, r-patched-solaris-x86, r-release-linux-x86_64, r-release-macos-arm64, r-release-macos-x86_64, r-release-windows-ix86+x86_64