Last updated on 2023-05-22 17:01:36 CEST.
Flavor | Version | Tinstall | Tcheck | Ttotal | Status | Flags |
---|---|---|---|---|---|---|
r-devel-linux-x86_64-debian-clang | 1.7.6 | 7.22 | 131.09 | 138.31 | OK | |
r-devel-linux-x86_64-debian-gcc | 1.7.6 | 5.63 | 93.92 | 99.55 | OK | |
r-devel-linux-x86_64-fedora-clang | 1.7.6 | 160.62 | NOTE | |||
r-devel-linux-x86_64-fedora-gcc | 1.7.6 | 157.02 | OK | |||
r-devel-windows-x86_64 | 1.7.6 | 8.00 | 117.00 | 125.00 | OK | |
r-patched-linux-x86_64 | 1.7.6 | 10.73 | 117.46 | 128.19 | OK | |
r-release-linux-x86_64 | 1.7.6 | 7.39 | 117.85 | 125.24 | OK | |
r-release-macos-arm64 | 1.7.6 | 67.00 | OK | |||
r-release-macos-x86_64 | 1.7.6 | 122.00 | OK | |||
r-release-windows-x86_64 | 1.7.6 | 8.00 | 136.00 | 144.00 | OK | |
r-oldrel-macos-arm64 | 1.7.6 | 55.00 | OK | |||
r-oldrel-macos-x86_64 | 1.7.6 | 64.00 | OK | |||
r-oldrel-windows-x86_64 | 1.7.6 | 9.00 | 132.00 | 141.00 | OK |
Version: 1.7.6
Check: Rd cross-references
Result: NOTE
Undeclared packages ‘fastDummies’, ‘widyr’, ‘pacman’, ‘sjmisc’ in Rd xrefs
Flavor: r-devel-linux-x86_64-fedora-clang