Last updated on 2023-11-30 16:49:40 CET.
Flavor | Version | Tinstall | Tcheck | Ttotal | Status | Flags |
---|---|---|---|---|---|---|
r-devel-linux-x86_64-debian-clang | 1.7.7 | 7.88 | 132.42 | 140.30 | OK | |
r-devel-linux-x86_64-debian-gcc | 1.7.7 | 5.58 | 95.49 | 101.07 | OK | |
r-devel-linux-x86_64-fedora-clang | 1.7.7 | 162.09 | NOTE | |||
r-devel-linux-x86_64-fedora-gcc | 1.7.7 | 168.18 | OK | |||
r-devel-windows-x86_64 | 1.7.7 | 7.00 | 117.00 | 124.00 | OK | |
r-patched-linux-x86_64 | 1.7.7 | 11.54 | 119.27 | 130.81 | OK | |
r-release-linux-x86_64 | 1.7.7 | 7.03 | 118.07 | 125.10 | OK | |
r-release-macos-arm64 | 1.7.7 | 57.00 | OK | |||
r-release-macos-x86_64 | 1.7.7 | 126.00 | OK | |||
r-release-windows-x86_64 | 1.7.7 | 9.00 | 148.00 | 157.00 | OK | |
r-oldrel-macos-arm64 | 1.7.7 | 49.00 | OK | |||
r-oldrel-macos-x86_64 | 1.7.7 | 66.00 | OK | |||
r-oldrel-windows-x86_64 | 1.7.7 | 9.00 | 136.00 | 145.00 | OK |
Version: 1.7.7
Check: Rd cross-references
Result: NOTE
Undeclared packages ‘fastDummies’, ‘widyr’, ‘pacman’, ‘sjmisc’ in Rd xrefs
Flavor: r-devel-linux-x86_64-fedora-clang