Last updated on 2024-04-24 00:56:01 CEST.
Flavor | Version | Tinstall | Tcheck | Ttotal | Status | Flags |
---|---|---|---|---|---|---|
r-devel-linux-x86_64-debian-clang | 0.1.2 | 23.87 | 73.71 | 97.58 | NOTE | |
r-devel-linux-x86_64-debian-gcc | 0.1.2 | 18.31 | 54.64 | 72.95 | NOTE | |
r-devel-linux-x86_64-fedora-clang | 0.1.2 | 133.19 | NOTE | |||
r-devel-linux-x86_64-fedora-gcc | 0.1.2 | 141.63 | NOTE | |||
r-prerel-macos-arm64 | 0.1.2 | 41.00 | NOTE | |||
r-prerel-macos-x86_64 | 0.1.2 | 73.00 | NOTE | |||
r-prerel-windows-x86_64 | 0.1.2 | 22.00 | 87.00 | 109.00 | NOTE | |
r-patched-linux-x86_64 | 0.1.2 | 20.84 | 71.03 | 91.87 | NOTE | |
r-release-linux-x86_64 | 0.1.2 | 16.09 | 68.58 | 84.67 | NOTE | |
r-release-macos-arm64 | 0.1.2 | 44.00 | NOTE | |||
r-release-macos-x86_64 | 0.1.2 | 67.00 | NOTE | |||
r-release-windows-x86_64 | 0.1.2 | 29.00 | 105.00 | 134.00 | NOTE | |
r-oldrel-macos-arm64 | 0.1.2 | 39.00 | NOTE | |||
r-oldrel-windows-x86_64 | 0.1.2 | 24.00 | 104.00 | 128.00 | NOTE |
Version: 0.1.2
Check: package subdirectories
Result: NOTE
Problems with news in ‘NEWS.md’:
Cannot extract version info from the following section titles:
Initial Release (v0.1.0)
Flavors: r-devel-linux-x86_64-debian-clang, r-devel-linux-x86_64-debian-gcc, r-devel-linux-x86_64-fedora-clang, r-devel-linux-x86_64-fedora-gcc, r-prerel-macos-arm64, r-prerel-macos-x86_64, r-prerel-windows-x86_64, r-patched-linux-x86_64, r-release-linux-x86_64, r-release-macos-arm64, r-release-macos-x86_64, r-release-windows-x86_64
Version: 0.1.2
Check: LazyData
Result: NOTE
'LazyData' is specified without a 'data' directory
Flavors: r-devel-linux-x86_64-debian-clang, r-devel-linux-x86_64-debian-gcc, r-devel-linux-x86_64-fedora-clang, r-devel-linux-x86_64-fedora-gcc, r-prerel-macos-arm64, r-prerel-macos-x86_64, r-prerel-windows-x86_64, r-patched-linux-x86_64, r-release-linux-x86_64, r-release-macos-arm64, r-release-macos-x86_64, r-release-windows-x86_64, r-oldrel-macos-arm64, r-oldrel-windows-x86_64