CRAN Package Check Results for Package tidygeocoder

Last updated on 2021-10-28 05:03:01 CEST.

Flavor Version Tinstall Tcheck Ttotal Status Flags
r-devel-linux-x86_64-debian-clang 1.0.4 5.16 45.41 50.57 OK
r-devel-linux-x86_64-debian-gcc 1.0.4 5.54 35.18 40.72 OK
r-devel-linux-x86_64-fedora-clang 1.0.4 72.93 OK
r-devel-linux-x86_64-fedora-gcc 1.0.4 62.73 OK
r-devel-windows-x86_64 1.0.4 11.00 72.00 83.00 OK
r-devel-windows-x86_64-gcc10-UCRT 1.0.4 OK
r-patched-linux-x86_64 1.0.4 6.61 44.53 51.14 OK
r-patched-solaris-x86 1.0.4 71.10 OK
r-release-linux-x86_64 1.0.4 5.46 44.37 49.83 OK
r-release-macos-arm64 1.0.4 OK
r-release-macos-x86_64 1.0.4 WARN
r-release-windows-ix86+x86_64 1.0.4 9.00 78.00 87.00 OK
r-oldrel-macos-x86_64 1.0.4 WARN
r-oldrel-windows-ix86+x86_64 1.0.4 11.00 72.00 83.00 OK

Check Details

Version: 1.0.4
Check: re-building of vignette outputs
Result: WARN
    Error(s) in re-building vignettes:
     ...
    --- re-building ‘tidygeocoder.Rmd’ using rmarkdown
    Pandoc is required to build R Markdown vignettes but not available. Please make sure it is installed.
    
    Attaching package: 'dplyr'
    
    The following objects are masked from 'package:stats':
    
     filter, lag
    
    The following objects are masked from 'package:base':
    
     intersect, setdiff, setequal, union
    
    Quitting from lines 56-60 (tidygeocoder.Rmd)
    Error: processing vignette 'tidygeocoder.Rmd' failed with diagnostics:
    SSL certificate problem: certificate has expired
    --- failed re-building ‘tidygeocoder.Rmd’
    
    SUMMARY: processing the following file failed:
     ‘tidygeocoder.Rmd’
    
    Error: Vignette re-building failed.
    Execution halted
Flavors: r-release-macos-x86_64, r-oldrel-macos-x86_64