Last updated on 2024-04-19 08:54:58 CEST.
Flavor | Version | Tinstall | Tcheck | Ttotal | Status | Flags |
---|---|---|---|---|---|---|
r-devel-linux-x86_64-debian-clang | 0.3.2 | 7.28 | 301.93 | 309.21 | NOTE | |
r-devel-linux-x86_64-debian-gcc | 0.3.2 | NOTE | ||||
r-devel-linux-x86_64-fedora-clang | 0.3.2 | 374.16 | NOTE | |||
r-devel-linux-x86_64-fedora-gcc | 0.3.2 | 386.97 | NOTE | |||
r-prerel-macos-arm64 | 0.3.2 | 96.00 | NOTE | |||
r-prerel-windows-x86_64 | 0.3.2 | 8.00 | 209.00 | 217.00 | NOTE | |
r-patched-linux-x86_64 | 0.3.2 | 9.86 | 291.42 | 301.28 | NOTE | |
r-release-linux-x86_64 | 0.3.2 | 6.24 | 289.36 | 295.60 | OK | |
r-release-macos-arm64 | 0.3.2 | 119.00 | OK | |||
r-release-macos-x86_64 | 0.3.2 | 210.00 | OK | |||
r-release-windows-x86_64 | 0.3.2 | 10.00 | 280.00 | 290.00 | OK | |
r-oldrel-macos-arm64 | 0.3.2 | 121.00 | OK | |||
r-oldrel-windows-x86_64 | 0.3.2 | 12.00 | 280.00 | 292.00 | OK |
Version: 0.3.2
Check: Rd files
Result: NOTE
checkRd: (-1) json_schema.Rd:33: Lost braces; missing escapes or markup?
33 | \item object -> {"name": <type>} e.g., {"age": 32} -> {"age": "number"}
| ^
checkRd: (-1) json_schema.Rd:33: Lost braces; missing escapes or markup?
33 | \item object -> {"name": <type>} e.g., {"age": 32} -> {"age": "number"}
| ^
checkRd: (-1) json_schema.Rd:33: Lost braces; missing escapes or markup?
33 | \item object -> {"name": <type>} e.g., {"age": 32} -> {"age": "number"}
| ^
Flavors: r-devel-linux-x86_64-debian-clang, r-devel-linux-x86_64-debian-gcc, r-devel-linux-x86_64-fedora-clang, r-devel-linux-x86_64-fedora-gcc, r-prerel-macos-arm64, r-prerel-windows-x86_64, r-patched-linux-x86_64