CRAN Package Check Results for Package tidylog

Last updated on 2021-10-17 00:48:54 CEST.

Flavor Version Tinstall Tcheck Ttotal Status Flags
r-devel-linux-x86_64-debian-clang 1.0.2 4.74 67.83 72.57 NOTE
r-devel-linux-x86_64-debian-gcc 1.0.2 4.12 52.10 56.22 NOTE
r-devel-linux-x86_64-fedora-clang 1.0.2 97.76 NOTE
r-devel-linux-x86_64-fedora-gcc 1.0.2 84.72 NOTE
r-devel-windows-x86_64 1.0.2 12.00 68.00 80.00 NOTE
r-devel-windows-x86_64-gcc10-UCRT 1.0.2 NOTE
r-patched-linux-x86_64 1.0.2 5.67 63.50 69.17 NOTE
r-patched-solaris-x86 1.0.2 116.70 NOTE
r-release-linux-x86_64 1.0.2 4.63 63.33 67.96 NOTE
r-release-macos-arm64 1.0.2 NOTE
r-release-macos-x86_64 1.0.2 NOTE
r-release-windows-ix86+x86_64 1.0.2 18.00 90.00 108.00 NOTE
r-oldrel-macos-x86_64 1.0.2 OK
r-oldrel-windows-ix86+x86_64 1.0.2 13.00 89.00 102.00 OK

Check Details

Version: 1.0.2
Check: LazyData
Result: NOTE
     'LazyData' is specified without a 'data' directory
Flavors: r-devel-linux-x86_64-debian-clang, r-devel-linux-x86_64-debian-gcc, r-devel-linux-x86_64-fedora-clang, r-devel-linux-x86_64-fedora-gcc, r-devel-windows-x86_64, r-devel-windows-x86_64-gcc10-UCRT, r-patched-linux-x86_64, r-patched-solaris-x86, r-release-linux-x86_64, r-release-macos-arm64, r-release-macos-x86_64, r-release-windows-ix86+x86_64