CRAN Package Check Results for Package tidyquant

Last updated on 2021-10-21 04:58:48 CEST.

Flavor Version Tinstall Tcheck Ttotal Status Flags
r-devel-linux-x86_64-debian-clang 1.0.3 12.40 205.53 217.93 OK
r-devel-linux-x86_64-debian-gcc 1.0.3 8.73 151.19 159.92 OK
r-devel-linux-x86_64-fedora-clang 1.0.3 249.90 NOTE
r-devel-linux-x86_64-fedora-gcc 1.0.3 239.93 NOTE
r-devel-windows-x86_64 1.0.3 21.00 240.00 261.00 NOTE
r-devel-windows-x86_64-gcc10-UCRT 1.0.3 NOTE
r-patched-linux-x86_64 1.0.3 17.11 219.26 236.37 OK
r-patched-solaris-x86 1.0.3 212.50 NOTE
r-release-linux-x86_64 1.0.3 11.58 222.97 234.55 OK
r-release-macos-arm64 1.0.3 NOTE
r-release-macos-x86_64 1.0.3 NOTE
r-release-windows-ix86+x86_64 1.0.3 25.00 308.00 333.00 NOTE
r-oldrel-macos-x86_64 1.0.3 NOTE
r-oldrel-windows-ix86+x86_64 1.0.3 28.00 315.00 343.00 NOTE

Check Details

Version: 1.0.3
Check: package dependencies
Result: NOTE
    Imports includes 25 non-default packages.
    Importing from so many packages makes the package vulnerable to any of
    them becoming unavailable. Move as many as possible to Suggests and
    use conditionally.
Flavor: r-devel-linux-x86_64-fedora-clang

Version: 1.0.3
Check: installed package size
Result: NOTE
     installed size is 5.1Mb
     sub-directories of 1Mb or more:
     doc 4.2Mb
Flavors: r-devel-linux-x86_64-fedora-clang, r-devel-windows-x86_64, r-patched-solaris-x86, r-release-macos-arm64, r-release-macos-x86_64, r-release-windows-ix86+x86_64, r-oldrel-macos-x86_64, r-oldrel-windows-ix86+x86_64

Version: 1.0.3
Check: dependencies in R code
Result: NOTE
    Namespace in Imports field not imported from: ‘janitor’
     All declared Imports should be used.
Flavors: r-devel-linux-x86_64-fedora-clang, r-devel-linux-x86_64-fedora-gcc, r-devel-windows-x86_64-gcc10-UCRT, r-patched-solaris-x86, r-release-macos-arm64, r-release-macos-x86_64, r-oldrel-macos-x86_64

Version: 1.0.3
Check: package dependencies
Result: NOTE
    Package suggested but not available for checking: ‘Rblpapi’
Flavors: r-patched-solaris-x86, r-release-macos-arm64

Version: 1.0.3
Check: Rd cross-references
Result: NOTE
    Package unavailable to check Rd xrefs: ‘Rblpapi’
Flavor: r-release-macos-arm64