CRAN Package Check Results for Package tidystringdist

Last updated on 2023-09-22 00:53:32 CEST.

Flavor Version Tinstall Tcheck Ttotal Status Flags
r-devel-linux-x86_64-debian-clang 0.1.4 4.26 48.75 53.01 NOTE
r-devel-linux-x86_64-debian-gcc 0.1.4 3.46 34.85 38.31 NOTE
r-devel-linux-x86_64-fedora-clang 0.1.4 67.02 NOTE
r-devel-linux-x86_64-fedora-gcc 0.1.4 72.17 NOTE
r-devel-windows-x86_64 0.1.4 5.00 63.00 68.00 NOTE
r-patched-linux-x86_64 0.1.4 4.12 43.83 47.95 NOTE
r-release-linux-x86_64 0.1.4 4.26 44.66 48.92 NOTE
r-release-macos-arm64 0.1.4 32.00 NOTE
r-release-macos-x86_64 0.1.4 48.00 NOTE
r-release-windows-x86_64 0.1.4 7.00 64.00 71.00 NOTE
r-oldrel-macos-arm64 0.1.4 21.00 NOTE
r-oldrel-macos-x86_64 0.1.4 33.00 NOTE
r-oldrel-windows-x86_64 0.1.4 7.00 68.00 75.00 NOTE

Check Details

Version: 0.1.4
Check: LazyData
Result: NOTE
     'LazyData' is specified without a 'data' directory
Flavors: r-devel-linux-x86_64-debian-clang, r-devel-linux-x86_64-debian-gcc, r-devel-linux-x86_64-fedora-clang, r-devel-linux-x86_64-fedora-gcc, r-devel-windows-x86_64, r-patched-linux-x86_64, r-release-linux-x86_64, r-release-macos-arm64, r-release-macos-x86_64, r-release-windows-x86_64, r-oldrel-macos-arm64, r-oldrel-macos-x86_64, r-oldrel-windows-x86_64