CRAN Package Check Results for Package tidystringdist

Last updated on 2021-10-24 00:51:15 CEST.

Flavor Version Tinstall Tcheck Ttotal Status Flags
r-devel-linux-x86_64-debian-clang 0.1.4 3.20 39.17 42.37 NOTE
r-devel-linux-x86_64-debian-gcc 0.1.4 2.32 28.38 30.70 NOTE
r-devel-linux-x86_64-fedora-clang 0.1.4 59.46 NOTE
r-devel-linux-x86_64-fedora-gcc 0.1.4 47.97 NOTE
r-devel-windows-x86_64 0.1.4 6.00 65.00 71.00 NOTE
r-devel-windows-x86_64-gcc10-UCRT 0.1.4 NOTE
r-patched-linux-x86_64 0.1.4 2.43 35.92 38.35 NOTE
r-patched-solaris-x86 0.1.4 72.90 NOTE
r-release-linux-x86_64 0.1.4 3.06 35.67 38.73 NOTE
r-release-macos-arm64 0.1.4 NOTE
r-release-macos-x86_64 0.1.4 NOTE
r-release-windows-ix86+x86_64 0.1.4 7.00 65.00 72.00 NOTE
r-oldrel-macos-x86_64 0.1.4 OK
r-oldrel-windows-ix86+x86_64 0.1.4 8.00 57.00 65.00 OK

Check Details

Version: 0.1.4
Check: LazyData
Result: NOTE
     'LazyData' is specified without a 'data' directory
Flavors: r-devel-linux-x86_64-debian-clang, r-devel-linux-x86_64-debian-gcc, r-devel-linux-x86_64-fedora-clang, r-devel-linux-x86_64-fedora-gcc, r-devel-windows-x86_64, r-devel-windows-x86_64-gcc10-UCRT, r-patched-linux-x86_64, r-patched-solaris-x86, r-release-linux-x86_64, r-release-macos-arm64, r-release-macos-x86_64, r-release-windows-ix86+x86_64