Last updated on 2024-04-20 00:56:27 CEST.
Flavor | Version | Tinstall | Tcheck | Ttotal | Status | Flags |
---|---|---|---|---|---|---|
r-devel-linux-x86_64-debian-clang | 1.1.0 | 0.78 | 2.24 | 3.02 | ERROR | |
r-devel-linux-x86_64-debian-gcc | 1.1.0 | OK | ||||
r-devel-linux-x86_64-fedora-clang | 1.1.0 | 699.78 | OK | |||
r-devel-linux-x86_64-fedora-gcc | 1.1.0 | 596.61 | OK | |||
r-prerel-macos-arm64 | 1.1.0 | 211.00 | NOTE | |||
r-prerel-macos-x86_64 | 1.1.0 | 477.00 | OK | |||
r-prerel-windows-x86_64 | 1.1.0 | 44.00 | 433.00 | 477.00 | OK | |
r-patched-linux-x86_64 | 1.1.0 | 35.11 | 509.64 | 544.75 | OK | |
r-release-linux-x86_64 | 1.1.0 | 42.16 | 512.16 | 554.32 | OK | |
r-release-macos-arm64 | 1.1.0 | 206.00 | NOTE | |||
r-release-macos-x86_64 | 1.1.0 | 457.00 | OK | |||
r-release-windows-x86_64 | 1.1.0 | 63.00 | 535.00 | 598.00 | OK | |
r-oldrel-macos-arm64 | 1.1.0 | 206.00 | NOTE | |||
r-oldrel-windows-x86_64 | 1.1.0 | 60.00 | 465.00 | 525.00 | OK |
Version: 1.1.0
Check: package dependencies
Result: ERROR
Package required but not available: ‘alakazam’
See section ‘The DESCRIPTION file’ in the ‘Writing R Extensions’
manual.
Flavor: r-devel-linux-x86_64-debian-clang
Version: 1.1.0
Check: installed package size
Result: NOTE
installed size is 5.1Mb
sub-directories of 1Mb or more:
data 4.5Mb
Flavors: r-prerel-macos-arm64, r-release-macos-arm64, r-oldrel-macos-arm64