Last updated on 2024-04-26 00:56:36 CEST.
Flavor | Version | Tinstall | Tcheck | Ttotal | Status | Flags |
---|---|---|---|---|---|---|
r-devel-linux-x86_64-debian-clang | 0.26.0 | 181.15 | 192.06 | 373.21 | NOTE | |
r-devel-linux-x86_64-debian-gcc | 0.26.0 | 158.31 | 145.18 | 303.49 | NOTE | |
r-devel-linux-x86_64-fedora-clang | 0.26.0 | 568.02 | NOTE | |||
r-devel-linux-x86_64-fedora-gcc | 0.26.0 | 547.42 | NOTE | |||
r-devel-windows-x86_64 | 0.26.0 | 151.00 | 364.00 | 515.00 | NOTE | |
r-patched-linux-x86_64 | 0.26.0 | 196.19 | 177.58 | 373.77 | OK | |
r-release-linux-x86_64 | 0.26.0 | 201.74 | 179.96 | 381.70 | OK | |
r-release-macos-arm64 | 0.26.0 | 161.00 | NOTE | |||
r-release-macos-x86_64 | 0.26.0 | 392.00 | NOTE | |||
r-release-windows-x86_64 | 0.26.0 | 153.00 | 355.00 | 508.00 | NOTE | |
r-oldrel-macos-arm64 | 0.26.0 | 152.00 | NOTE | |||
r-oldrel-macos-x86_64 | 0.26.0 | 329.00 | NOTE | |||
r-oldrel-windows-x86_64 | 0.26.0 | 192.00 | 449.00 | 641.00 | NOTE |
Version: 0.26.0
Check: compiled code
Result: NOTE
File ‘tiledb/libs/tiledb.so’:
Found non-API call to R: ‘SET_S4_OBJECT’
Compiled code should not call non-API entry points in R.
See ‘Writing portable packages’ in the ‘Writing R Extensions’ manual.
Flavors: r-devel-linux-x86_64-debian-clang, r-devel-linux-x86_64-debian-gcc, r-devel-linux-x86_64-fedora-clang, r-devel-linux-x86_64-fedora-gcc
Version: 0.26.0
Check: installed package size
Result: NOTE
installed size is 86.0Mb
sub-directories of 1Mb or more:
libs 2.2Mb
tiledb 81.4Mb
Flavors: r-devel-linux-x86_64-fedora-clang, r-devel-windows-x86_64, r-release-macos-arm64, r-release-macos-x86_64, r-release-windows-x86_64, r-oldrel-macos-arm64, r-oldrel-macos-x86_64, r-oldrel-windows-x86_64
Version: 0.26.0
Check: compiled code
Result: NOTE
File 'tiledb/libs/x64/tiledb.dll':
Found non-API call to R: 'SET_S4_OBJECT'
Compiled code should not call non-API entry points in R.
See 'Writing portable packages' in the 'Writing R Extensions' manual.
Flavor: r-devel-windows-x86_64
Version: 0.26.0
Check: package dependencies
Result: NOTE
Package suggested but not available for checking: ‘arrow’
Flavor: r-release-macos-x86_64