CRAN Package Check Results for Package timeSeq

Last updated on 2024-02-25 16:52:01 CET.

Flavor Version Tinstall Tcheck Ttotal Status Flags
r-devel-linux-x86_64-debian-clang 1.0.4 8.22 95.84 104.06 NOTE
r-devel-linux-x86_64-debian-gcc 1.0.4 7.50 73.65 81.15 NOTE
r-devel-linux-x86_64-fedora-clang 1.0.4 127.33 NOTE
r-devel-linux-x86_64-fedora-gcc 1.0.4 136.23 NOTE
r-devel-windows-x86_64 1.0.4 9.00 86.00 95.00 NOTE
r-patched-linux-x86_64 1.0.4 8.79 90.87 99.66 OK
r-release-linux-x86_64 1.0.4 8.88 93.07 101.95 OK
r-release-macos-arm64 1.0.4 48.00 OK
r-release-macos-x86_64 1.0.4 74.00 OK
r-release-windows-x86_64 1.0.4 11.00 99.00 110.00 OK
r-oldrel-macos-arm64 1.0.4 36.00 OK
r-oldrel-windows-x86_64 1.0.4 11.00 107.00 118.00 OK

Check Details

Version: 1.0.4
Check: Rd metadata
Result: NOTE Invalid package aliases in Rd file 'timeSeq_1.0.4-package.Rd': ‘timeSeq_1.0.4-package’ Flavors: r-devel-linux-x86_64-debian-clang, r-devel-linux-x86_64-debian-gcc, r-devel-linux-x86_64-fedora-clang, r-devel-linux-x86_64-fedora-gcc, r-devel-windows-x86_64