Last updated on 2023-05-28 23:14:12 CEST.
Flavor | Version | Tinstall | Tcheck | Ttotal | Status | Flags |
---|---|---|---|---|---|---|
r-devel-linux-x86_64-debian-clang | 0.2.0 | 35.85 | 29.60 | 65.45 | NOTE | |
r-devel-linux-x86_64-debian-gcc | 0.2.0 | 25.94 | 23.56 | 49.50 | NOTE | |
r-devel-linux-x86_64-fedora-clang | 0.2.0 | 104.14 | NOTE | |||
r-devel-linux-x86_64-fedora-gcc | 0.2.0 | 93.32 | NOTE | |||
r-devel-windows-x86_64 | 0.2.0 | 31.00 | 73.00 | 104.00 | NOTE | |
r-patched-linux-x86_64 | 0.2.0 | 28.11 | 29.08 | 57.19 | NOTE | |
r-release-linux-x86_64 | 0.2.0 | 29.90 | 28.83 | 58.73 | NOTE | |
r-release-macos-arm64 | 0.2.0 | 33.00 | NOTE | |||
r-release-macos-x86_64 | 0.2.0 | 49.00 | NOTE | |||
r-release-windows-x86_64 | 0.2.0 | 35.00 | 79.00 | 114.00 | NOTE | |
r-oldrel-macos-arm64 | 0.2.0 | 30.00 | OK | |||
r-oldrel-macos-x86_64 | 0.2.0 | 56.00 | OK | |||
r-oldrel-windows-x86_64 | 0.2.0 | 40.00 | 68.00 | 108.00 | OK |
Version: 0.2.0
Check: C++ specification
Result: NOTE
Specified C++11: please drop specification unless essential
Flavors: r-devel-linux-x86_64-debian-clang, r-devel-linux-x86_64-debian-gcc, r-devel-linux-x86_64-fedora-clang, r-devel-linux-x86_64-fedora-gcc, r-devel-windows-x86_64, r-patched-linux-x86_64, r-release-linux-x86_64, r-release-macos-arm64, r-release-macos-x86_64, r-release-windows-x86_64